CRAN Package Check Results for Package timetk

Last updated on 2020-10-28 01:49:48 CET.

Flavor Version Tinstall Tcheck Ttotal Status Flags
r-devel-linux-x86_64-debian-clang 2.5.0 19.29 346.33 365.62 OK
r-devel-linux-x86_64-debian-gcc 2.5.0 17.42 249.69 267.11 OK
r-devel-linux-x86_64-fedora-clang 2.5.0 440.15 NOTE
r-devel-linux-x86_64-fedora-gcc 2.5.0 281.60 NOTE
r-devel-windows-ix86+x86_64 2.5.0 44.00 328.00 372.00 OK
r-patched-linux-x86_64 2.5.0 NOTE
r-patched-solaris-x86 2.5.0 511.90 NOTE
r-release-linux-x86_64 2.5.0 18.28 315.22 333.50 NOTE
r-release-macos-x86_64 2.5.0 NOTE
r-release-windows-ix86+x86_64 2.5.0 32.00 287.00 319.00 OK
r-oldrel-macos-x86_64 2.5.0 NOTE
r-oldrel-windows-ix86+x86_64 2.5.0 40.00 400.00 440.00 OK

Check Details

Version: 2.5.0
Check: package dependencies
Result: NOTE
    Imports includes 26 non-default packages.
    Importing from so many packages makes the package vulnerable to any of
    them becoming unavailable. Move as many as possible to Suggests and
    use conditionally.
Flavor: r-devel-linux-x86_64-fedora-clang

Version: 2.5.0
Check: dependencies in R code
Result: NOTE
    Namespace in Imports field not imported from: ‘generics’
     All declared Imports should be used.
Flavors: r-devel-linux-x86_64-fedora-clang, r-devel-linux-x86_64-fedora-gcc, r-patched-solaris-x86, r-release-macos-x86_64, r-oldrel-macos-x86_64

Version: 2.5.0
Check: data for non-ASCII characters
Result: NOTE
     Note: found 2750 marked UTF-8 strings
Flavors: r-devel-linux-x86_64-fedora-clang, r-devel-linux-x86_64-fedora-gcc, r-patched-solaris-x86, r-release-macos-x86_64, r-oldrel-macos-x86_64

Version: 2.5.0
Check: package dependencies
Result: NOTE
    Package suggested but not available for checking: ‘modeltime’
Flavors: r-patched-linux-x86_64, r-patched-solaris-x86, r-release-linux-x86_64