CRAN Package Check Results for Package timelineR

Last updated on 2022-08-14 18:49:27 CEST.

Flavor Version Tinstall Tcheck Ttotal Status Flags
r-devel-linux-x86_64-debian-clang 1.0.0 6.72 95.77 102.49 NOTE
r-devel-linux-x86_64-debian-gcc 1.0.0 6.03 71.31 77.34 NOTE
r-devel-linux-x86_64-fedora-clang 1.0.0 130.05 NOTE
r-devel-linux-x86_64-fedora-gcc 1.0.0 137.36 NOTE
r-devel-windows-x86_64 1.0.0 20.00 123.00 143.00 NOTE
r-patched-linux-x86_64 1.0.0 5.04 89.19 94.23 NOTE
r-release-linux-x86_64 1.0.0 7.02 88.36 95.38 NOTE
r-release-macos-arm64 1.0.0 42.00 NOTE
r-release-macos-x86_64 1.0.0 76.00 NOTE
r-release-windows-x86_64 1.0.0 11.00 120.00 131.00 NOTE
r-oldrel-macos-arm64 1.0.0 73.00 NOTE
r-oldrel-macos-x86_64 1.0.0 79.00 NOTE
r-oldrel-windows-ix86+x86_64 1.0.0 18.00 94.00 112.00 NOTE

Check Details

Version: 1.0.0
Check: LazyData
Result: NOTE
     'LazyData' is specified without a 'data' directory
Flavors: r-devel-linux-x86_64-debian-clang, r-devel-linux-x86_64-debian-gcc, r-devel-linux-x86_64-fedora-clang, r-devel-linux-x86_64-fedora-gcc, r-devel-windows-x86_64, r-patched-linux-x86_64, r-release-linux-x86_64, r-release-macos-arm64, r-release-macos-x86_64, r-release-windows-x86_64, r-oldrel-macos-arm64, r-oldrel-macos-x86_64, r-oldrel-windows-ix86+x86_64