CRAN Package Check Results for Package tiler

Last updated on 2020-10-24 07:49:59 CEST.

Flavor Version Tinstall Tcheck Ttotal Status Flags
r-devel-linux-x86_64-debian-clang 0.2.4 2.42 32.56 34.98 OK
r-devel-linux-x86_64-debian-gcc 0.2.4 1.89 25.57 27.46 OK
r-devel-linux-x86_64-fedora-clang 0.2.4 51.87 NOTE
r-devel-linux-x86_64-fedora-gcc 0.2.4 41.52 NOTE
r-devel-windows-ix86+x86_64 0.2.4 5.00 50.00 55.00 OK
r-patched-linux-x86_64 0.2.4 2.10 31.67 33.77 OK
r-patched-solaris-x86 0.2.4 61.00 NOTE
r-release-linux-x86_64 0.2.4 2.44 31.09 33.53 OK
r-release-macos-x86_64 0.2.4 NOTE
r-release-windows-ix86+x86_64 0.2.4 5.00 42.00 47.00 OK
r-oldrel-macos-x86_64 0.2.4 NOTE
r-oldrel-windows-ix86+x86_64 0.2.4 4.00 56.00 60.00 OK

Check Details

Version: 0.2.4
Check: dependencies in R code
Result: NOTE
    Namespace in Imports field not imported from: ‘rgdal’
     All declared Imports should be used.
Flavors: r-devel-linux-x86_64-fedora-clang, r-devel-linux-x86_64-fedora-gcc, r-patched-solaris-x86, r-release-macos-x86_64, r-oldrel-macos-x86_64