CRAN Package Check Results for Package tilemaps

Last updated on 2022-11-30 06:53:43 CET.

Flavor Version Tinstall Tcheck Ttotal Status Flags
r-devel-linux-x86_64-debian-clang 0.2.0 2.50 168.51 171.01 OK
r-devel-linux-x86_64-debian-gcc 0.2.0 2.46 117.95 120.41 OK
r-devel-linux-x86_64-fedora-clang 0.2.0 218.01 NOTE
r-devel-linux-x86_64-fedora-gcc 0.2.0 222.01 NOTE
r-devel-windows-x86_64 0.2.0 7.00 224.00 231.00 OK
r-patched-linux-x86_64 0.2.0 3.40 147.29 150.69 OK
r-release-linux-x86_64 0.2.0 3.49 158.98 162.47 OK
r-release-macos-arm64 0.2.0 61.00 NOTE
r-release-macos-x86_64 0.2.0 109.00 NOTE
r-release-windows-x86_64 0.2.0 12.00 227.00 239.00 OK
r-oldrel-macos-arm64 0.2.0 75.00 NOTE
r-oldrel-macos-x86_64 0.2.0 72.00 NOTE
r-oldrel-windows-ix86+x86_64 0.2.0 8.00 230.00 238.00 OK

Check Details

Version: 0.2.0
Check: dependencies in R code
Result: NOTE
    Namespace in Imports field not imported from: ‘lwgeom’
     All declared Imports should be used.
Flavors: r-devel-linux-x86_64-fedora-clang, r-devel-linux-x86_64-fedora-gcc, r-release-macos-arm64, r-release-macos-x86_64, r-oldrel-macos-arm64, r-oldrel-macos-x86_64