CRAN Package Check Results for Package tiledb

Last updated on 2022-08-17 06:51:31 CEST.

Flavor Version Tinstall Tcheck Ttotal Status Flags
r-devel-linux-x86_64-debian-clang 0.15.0 161.40 108.72 270.12 ERROR
r-devel-linux-x86_64-debian-gcc 0.15.0 OK
r-devel-linux-x86_64-fedora-clang 0.15.0 488.11 NOTE
r-devel-linux-x86_64-fedora-gcc 0.15.0 494.59 OK
r-devel-windows-x86_64 0.15.0 271.00 334.00 605.00 NOTE
r-patched-linux-x86_64 0.15.0 150.21 158.24 308.45 OK
r-release-linux-x86_64 0.15.0 143.95 173.63 317.58 OK
r-release-macos-arm64 0.15.0 126.00 NOTE
r-release-macos-x86_64 0.15.0 215.00 NOTE
r-release-windows-x86_64 0.15.0 282.00 329.00 611.00 NOTE
r-oldrel-macos-arm64 0.15.0 119.00 NOTE
r-oldrel-macos-x86_64 0.15.0 211.00 NOTE
r-oldrel-windows-ix86+x86_64 0.15.0 378.00 238.00 616.00 NOTE

Additional issues

valgrind

Check Details

Version: 0.15.0
Check: examples
Result: ERROR
    Running examples in 'tiledb-Ex.R' failed
    The error most likely occurred in:
    
    > base::assign(".ptime", proc.time(), pos = "CheckExEnv")
    > ### Name: as.vector.tiledb_config
    > ### Title: Convert a 'tiledb_config' object to a R vector
    > ### Aliases: as.vector.tiledb_config
    >
    > ### ** Examples
    >
    > ## Don't show:
    > ctx <- tiledb_ctx(limitTileDBCores())
    
     *** caught illegal operation ***
    address 0x7fa6faae811e, cause 'illegal operand'
    
    Traceback:
     1: libtiledb_ctx(config@ptr)
     2: tiledb_ctx(limitTileDBCores())
    An irrecoverable exception occurred. R is aborting now ...
    Illegal instruction
Flavor: r-devel-linux-x86_64-debian-clang

Version: 0.15.0
Check: tests
Result: ERROR
     Running 'tinytest.R' [2s/3s]
    Running the tests in 'tests/tinytest.R' failed.
    Complete output:
     >
     > if (requireNamespace("tinytest", quietly=TRUE)) {
     + tinytest::test_package("tiledb")
     + }
    
     test_arrayschema.R............ 0 tests
     test_arrayschema.R............ 0 tests
     test_arrayschema.R............ 0 tests
     *** caught illegal operation ***
     address 0x7ff73b47a11e, cause 'illegal operand'
    
     Traceback:
     1: libtiledb_ctx(config@ptr)
     2: tiledb_ctx(limitTileDBCores())
     3: eval(expr, envir = e)
     4: eval(expr, envir = e)
     5: FUN(X[[i]], ...)
     6: lapply(basename(testfiles), run_test_file, at_home = at_home, verbose = verbose, color = color, remove_side_effects = remove_side_effects, ...)
     7: run_test_dir(testdir, at_home = at_home, cluster = cluster, ...)
     8: tinytest::test_package("tiledb")
     An irrecoverable exception occurred. R is aborting now ...
     Illegal instruction
Flavor: r-devel-linux-x86_64-debian-clang

Version: 0.15.0
Check: installed package size
Result: NOTE
     installed size is 52.9Mb
     sub-directories of 1Mb or more:
     libs 1.8Mb
     tiledb 49.0Mb
Flavors: r-devel-linux-x86_64-fedora-clang, r-devel-windows-x86_64, r-release-macos-arm64, r-release-macos-x86_64, r-release-windows-x86_64, r-oldrel-macos-arm64, r-oldrel-macos-x86_64, r-oldrel-windows-ix86+x86_64