CRAN Package Check Results for Package tigris

Last updated on 2024-06-14 00:54:02 CEST.

Flavor Version Tinstall Tcheck Ttotal Status Flags
r-devel-linux-x86_64-debian-clang 2.1 12.93 88.09 101.02 OK
r-devel-linux-x86_64-debian-gcc 2.1 0.27 1.71 1.98 ERROR
r-devel-linux-x86_64-fedora-clang 2.1 122.59 OK
r-devel-linux-x86_64-fedora-gcc 2.1 116.54 OK
r-devel-windows-x86_64 2.1 10.00 89.00 99.00 OK
r-patched-linux-x86_64 2.1 12.69 83.14 95.83 OK
r-release-linux-x86_64 2.1 10.06 85.28 95.34 OK
r-release-macos-arm64 2.1 36.00 OK
r-release-macos-x86_64 2.1 54.00 OK
r-release-windows-x86_64 2.1 12.00 90.00 102.00 OK
r-oldrel-macos-arm64 2.1 37.00 OK
r-oldrel-macos-x86_64 2.1 62.00 OK
r-oldrel-windows-x86_64 2.1 12.00 102.00 114.00 OK

Check Details

Version: 2.1
Check: package dependencies
Result: ERROR Packages required but not available: 'stringr', 'dplyr' Packages suggested but not available for checking: 'testthat', 'ggplot2', 'ggthemes', 'tidycensus' See section ‘The DESCRIPTION file’ in the ‘Writing R Extensions’ manual. Flavor: r-devel-linux-x86_64-debian-gcc