CRAN Package Check Results for Package tidysq

Last updated on 2022-09-30 21:49:11 CEST.

Flavor Version Tinstall Tcheck Ttotal Status Flags
r-devel-linux-x86_64-debian-clang 1.1.3 588.66 106.09 694.75 OK
r-devel-linux-x86_64-debian-gcc 1.1.3 409.72 79.36 489.08 OK
r-devel-linux-x86_64-fedora-clang 1.1.3 926.46 OK
r-devel-linux-x86_64-fedora-gcc 1.1.3 841.89 OK
r-devel-windows-x86_64 1.1.3 326.00 184.00 510.00 OK
r-patched-linux-x86_64 1.1.3 387.38 98.61 485.99 OK
r-release-linux-x86_64 1.1.3 305.18 97.55 402.73 OK
r-release-macos-arm64 1.1.3 240.00 NOTE
r-release-macos-x86_64 1.1.3 322.00 NOTE
r-release-windows-x86_64 1.1.3 550.00 190.00 740.00 OK
r-oldrel-macos-arm64 1.1.3 192.00 NOTE
r-oldrel-macos-x86_64 1.1.3 240.00 NOTE
r-oldrel-windows-ix86+x86_64 1.1.3 205.00 19.00 224.00 ERROR

Check Details

Version: 1.1.3
Check: installed package size
Result: NOTE
     installed size is 44.6Mb
     sub-directories of 1Mb or more:
     libs 43.8Mb
Flavors: r-release-macos-arm64, r-release-macos-x86_64, r-oldrel-macos-arm64, r-oldrel-macos-x86_64

Version: 1.1.3
Check: whether package can be installed
Result: ERROR
    Installation failed.
Flavor: r-oldrel-windows-ix86+x86_64