CRAN Package Check Results for Package tidyseurat

Last updated on 2022-08-08 00:54:22 CEST.

Flavor Version Tinstall Tcheck Ttotal Status Flags
r-devel-linux-x86_64-debian-clang 0.5.3 28.75 244.94 273.69 OK
r-devel-linux-x86_64-debian-gcc 0.5.3 20.05 190.47 210.52 OK
r-devel-linux-x86_64-fedora-clang 0.5.3 343.14 OK
r-devel-linux-x86_64-fedora-gcc 0.5.3 363.00 OK
r-devel-windows-x86_64 0.5.3 81.00 277.00 358.00 OK
r-patched-linux-x86_64 0.5.3 21.70 245.38 267.08 OK
r-release-linux-x86_64 0.5.3 17.89 251.66 269.55 OK
r-release-macos-arm64 0.5.3 99.00 NOTE
r-release-macos-x86_64 0.5.3 120.00 NOTE
r-release-windows-x86_64 0.5.3 53.00 287.00 340.00 OK
r-oldrel-macos-arm64 0.5.3 88.00 NOTE
r-oldrel-macos-x86_64 0.5.3 120.00 NOTE
r-oldrel-windows-ix86+x86_64 0.5.3 61.00 271.00 332.00 OK

Check Details

Version: 0.5.3
Check: package dependencies
Result: NOTE
    Package suggested but not available for checking: ‘SingleR’
Flavors: r-release-macos-arm64, r-release-macos-x86_64, r-oldrel-macos-arm64, r-oldrel-macos-x86_64