CRAN Package Check Results for Package tidyr

Last updated on 2022-06-28 00:51:28 CEST.

Flavor Version Tinstall Tcheck Ttotal Status Flags
r-devel-linux-x86_64-debian-clang 1.2.0 15.74 135.91 151.65 OK
r-devel-linux-x86_64-debian-gcc 1.2.0 14.47 99.37 113.84 OK
r-devel-linux-x86_64-fedora-clang 1.2.0 189.73 NOTE
r-devel-linux-x86_64-fedora-gcc 1.2.0 184.07 NOTE
r-devel-windows-x86_64 1.2.0 57.00 183.00 240.00 OK
r-patched-linux-x86_64 1.2.0 17.78 125.28 143.06 OK
r-release-linux-x86_64 1.2.0 13.22 125.55 138.77 OK
r-release-macos-arm64 1.2.0 51.00 NOTE
r-release-macos-x86_64 1.2.0 96.00 NOTE
r-release-windows-x86_64 1.2.0 62.00 171.00 233.00 OK
r-oldrel-macos-arm64 1.2.0 53.00 NOTE
r-oldrel-macos-x86_64 1.2.0 80.00 NOTE
r-oldrel-windows-ix86+x86_64 1.2.0 45.00 238.00 283.00 OK

Check Details

Version: 1.2.0
Check: data for non-ASCII characters
Result: NOTE
     Note: found 24 marked UTF-8 strings
Flavors: r-devel-linux-x86_64-fedora-clang, r-devel-linux-x86_64-fedora-gcc, r-release-macos-arm64, r-release-macos-x86_64, r-oldrel-macos-arm64, r-oldrel-macos-x86_64