Last updated on 2023-05-29 20:57:15 CEST.
Flavor | Version | Tinstall | Tcheck | Ttotal | Status | Flags |
---|---|---|---|---|---|---|
r-devel-linux-x86_64-debian-clang | 1.0.2 | 4.93 | 74.55 | 79.48 | NOTE | |
r-devel-linux-x86_64-debian-gcc | 1.0.2 | 4.76 | 57.02 | 61.78 | NOTE | |
r-devel-linux-x86_64-fedora-clang | 1.0.2 | 104.81 | NOTE | |||
r-devel-linux-x86_64-fedora-gcc | 1.0.2 | 106.06 | NOTE | |||
r-devel-windows-x86_64 | 1.0.2 | 7.00 | 86.00 | 93.00 | NOTE | |
r-patched-linux-x86_64 | 1.0.2 | 5.15 | 71.42 | 76.57 | NOTE | |
r-release-linux-x86_64 | 1.0.2 | 4.94 | 70.75 | 75.69 | NOTE | |
r-release-macos-arm64 | 1.0.2 | 42.00 | NOTE | |||
r-release-macos-x86_64 | 1.0.2 | 64.00 | NOTE | |||
r-release-windows-x86_64 | 1.0.2 | 8.00 | 98.00 | 106.00 | NOTE | |
r-oldrel-macos-arm64 | 1.0.2 | 33.00 | NOTE | |||
r-oldrel-macos-x86_64 | 1.0.2 | 57.00 | NOTE | |||
r-oldrel-windows-x86_64 | 1.0.2 | 9.00 | 102.00 | 111.00 | NOTE |
Version: 1.0.2
Check: LazyData
Result: NOTE
'LazyData' is specified without a 'data' directory
Flavors: r-devel-linux-x86_64-debian-clang, r-devel-linux-x86_64-debian-gcc, r-devel-linux-x86_64-fedora-clang, r-devel-linux-x86_64-fedora-gcc, r-devel-windows-x86_64, r-patched-linux-x86_64, r-release-linux-x86_64, r-release-macos-arm64, r-release-macos-x86_64, r-release-windows-x86_64, r-oldrel-macos-arm64, r-oldrel-macos-x86_64, r-oldrel-windows-x86_64