CRAN Package Check Results for Package tidylog

Last updated on 2022-08-11 00:51:08 CEST.

Flavor Version Tinstall Tcheck Ttotal Status Flags
r-devel-linux-x86_64-debian-clang 1.0.2 6.18 85.61 91.79 NOTE
r-devel-linux-x86_64-debian-gcc 1.0.2 4.82 63.67 68.49 NOTE
r-devel-linux-x86_64-fedora-clang 1.0.2 116.14 NOTE
r-devel-linux-x86_64-fedora-gcc 1.0.2 121.84 NOTE
r-devel-windows-x86_64 1.0.2 28.00 111.00 139.00 NOTE
r-patched-linux-x86_64 1.0.2 6.31 80.10 86.41 NOTE
r-release-linux-x86_64 1.0.2 NOTE
r-release-macos-arm64 1.0.2 33.00 NOTE
r-release-macos-x86_64 1.0.2 57.00 NOTE
r-release-windows-x86_64 1.0.2 29.00 122.00 151.00 NOTE
r-oldrel-macos-arm64 1.0.2 40.00 NOTE
r-oldrel-macos-x86_64 1.0.2 61.00 NOTE
r-oldrel-windows-ix86+x86_64 1.0.2 15.00 105.00 120.00 NOTE

Check Details

Version: 1.0.2
Check: LazyData
Result: NOTE
     'LazyData' is specified without a 'data' directory
Flavors: r-devel-linux-x86_64-debian-clang, r-devel-linux-x86_64-debian-gcc, r-devel-linux-x86_64-fedora-clang, r-devel-linux-x86_64-fedora-gcc, r-devel-windows-x86_64, r-patched-linux-x86_64, r-release-linux-x86_64, r-release-macos-arm64, r-release-macos-x86_64, r-release-windows-x86_64, r-oldrel-macos-arm64, r-oldrel-macos-x86_64, r-oldrel-windows-ix86+x86_64