CRAN Package Check Results for Package tidylab

Last updated on 2022-09-27 00:51:17 CEST.

Flavor Version Tinstall Tcheck Ttotal Status Flags
r-devel-linux-x86_64-debian-clang 4.1.1 2.69 34.03 36.72 OK
r-devel-linux-x86_64-debian-gcc 4.1.1 2.81 27.08 29.89 OK
r-devel-linux-x86_64-fedora-clang 4.1.1 62.28 NOTE
r-devel-linux-x86_64-fedora-gcc 4.1.1 55.69 NOTE
r-devel-windows-x86_64 4.1.1 12.00 65.00 77.00 OK
r-patched-linux-x86_64 4.1.1 3.07 32.18 35.25 OK
r-release-linux-x86_64 4.1.1 2.43 32.12 34.55 OK
r-release-macos-arm64 4.1.1 19.00 NOTE
r-release-macos-x86_64 4.1.1 33.00 NOTE
r-release-windows-x86_64 4.1.1 11.00 61.00 72.00 OK
r-oldrel-macos-arm64 4.1.1 23.00 NOTE
r-oldrel-macos-x86_64 4.1.1 29.00 NOTE
r-oldrel-windows-ix86+x86_64 4.1.1 9.00 58.00 67.00 OK

Check Details

Version: 4.1.1
Check: dependencies in R code
Result: NOTE
    Namespaces in Imports field not imported from:
     ‘decorators’ ‘microservices’ ‘usethat’
     All declared Imports should be used.
Flavors: r-devel-linux-x86_64-fedora-clang, r-devel-linux-x86_64-fedora-gcc, r-release-macos-arm64, r-release-macos-x86_64, r-oldrel-macos-arm64, r-oldrel-macos-x86_64