Last updated on 2023-12-08 12:52:33 CET.
Flavor | Version | Tinstall | Tcheck | Ttotal | Status | Flags |
---|---|---|---|---|---|---|
r-devel-linux-x86_64-debian-clang | 0.2.1 | 34.07 | 182.41 | 216.48 | OK | |
r-devel-linux-x86_64-debian-gcc | 0.2.1 | 27.21 | 134.57 | 161.78 | OK | |
r-devel-linux-x86_64-fedora-clang | 0.2.1 | 240.32 | NOTE | |||
r-devel-linux-x86_64-fedora-gcc | 0.2.1 | 264.69 | OK | |||
r-devel-windows-x86_64 | 0.2.1 | 34.00 | 140.00 | 174.00 | OK | |
r-patched-linux-x86_64 | 0.2.1 | 37.79 | 171.21 | 209.00 | OK | |
r-release-linux-x86_64 | 0.2.1 | 30.19 | 170.10 | 200.29 | OK | |
r-release-macos-arm64 | 0.2.1 | 85.00 | OK | |||
r-release-macos-x86_64 | 0.2.1 | 159.00 | OK | |||
r-release-windows-x86_64 | 0.2.1 | 44.00 | 179.00 | 223.00 | OK | |
r-oldrel-macos-arm64 | 0.2.1 | 57.00 | OK | |||
r-oldrel-macos-x86_64 | 0.2.1 | 109.00 | OK | |||
r-oldrel-windows-x86_64 | 0.2.1 | 45.00 | 185.00 | 230.00 | OK |
Version: 0.2.1
Check: package dependencies
Result: NOTE
Imports includes 25 non-default packages.
Importing from so many packages makes the package vulnerable to any of
them becoming unavailable. Move as many as possible to Suggests and
use conditionally.
Flavor: r-devel-linux-x86_64-fedora-clang