CRAN Package Check Results for Package threewords

Last updated on 2022-09-28 00:52:56 CEST.

Flavor Version Tinstall Tcheck Ttotal Status Flags
r-devel-linux-x86_64-debian-clang 0.1.0 1.88 21.92 23.80 NOTE
r-devel-linux-x86_64-debian-gcc 0.1.0 1.64 17.45 19.09 NOTE
r-devel-linux-x86_64-fedora-clang 0.1.0 43.45 NOTE
r-devel-linux-x86_64-fedora-gcc 0.1.0 39.24 NOTE
r-devel-windows-x86_64 0.1.0 7.00 52.00 59.00 NOTE
r-patched-linux-x86_64 0.1.0 2.06 21.87 23.93 NOTE
r-release-linux-x86_64 0.1.0 1.68 21.13 22.81 NOTE
r-release-macos-arm64 0.1.0 13.00 NOTE
r-release-macos-x86_64 0.1.0 21.00 NOTE
r-release-windows-x86_64 0.1.0 11.00 48.00 59.00 NOTE
r-oldrel-macos-arm64 0.1.0 20.00 NOTE
r-oldrel-macos-x86_64 0.1.0 21.00 NOTE
r-oldrel-windows-ix86+x86_64 0.1.0 5.00 46.00 51.00 NOTE

Check Details

Version: 0.1.0
Check: LazyData
Result: NOTE
     'LazyData' is specified without a 'data' directory
Flavors: r-devel-linux-x86_64-debian-clang, r-devel-linux-x86_64-debian-gcc, r-devel-linux-x86_64-fedora-clang, r-devel-linux-x86_64-fedora-gcc, r-devel-windows-x86_64, r-patched-linux-x86_64, r-release-linux-x86_64, r-release-macos-arm64, r-release-macos-x86_64, r-release-windows-x86_64, r-oldrel-macos-arm64, r-oldrel-macos-x86_64, r-oldrel-windows-ix86+x86_64