CRAN Package Check Results for Package threesixtygiving

Last updated on 2022-08-09 21:52:59 CEST.

Flavor Version Tinstall Tcheck Ttotal Status Flags
r-devel-linux-x86_64-debian-clang 0.2.2 8.38 73.18 81.56 NOTE
r-devel-linux-x86_64-debian-gcc 0.2.2 6.63 54.13 60.76 NOTE
r-devel-linux-x86_64-fedora-clang 0.2.2 107.55 NOTE
r-devel-linux-x86_64-fedora-gcc 0.2.2 104.76 NOTE
r-devel-windows-x86_64 0.2.2 57.00 107.00 164.00 NOTE
r-patched-linux-x86_64 0.2.2 8.06 66.35 74.41 NOTE
r-release-linux-x86_64 0.2.2 NOTE
r-release-macos-arm64 0.2.2 31.00 NOTE
r-release-macos-x86_64 0.2.2 53.00 NOTE
r-release-windows-x86_64 0.2.2 21.00 104.00 125.00 NOTE
r-oldrel-macos-arm64 0.2.2 35.00 NOTE
r-oldrel-macos-x86_64 0.2.2 56.00 NOTE
r-oldrel-windows-ix86+x86_64 0.2.2 20.00 92.00 112.00 NOTE

Check Details

Version: 0.2.2
Check: LazyData
Result: NOTE
     'LazyData' is specified without a 'data' directory
Flavors: r-devel-linux-x86_64-debian-clang, r-devel-linux-x86_64-debian-gcc, r-devel-linux-x86_64-fedora-clang, r-devel-linux-x86_64-fedora-gcc, r-devel-windows-x86_64, r-patched-linux-x86_64, r-release-linux-x86_64, r-release-macos-arm64, r-release-macos-x86_64, r-release-windows-x86_64, r-oldrel-macos-arm64, r-oldrel-macos-x86_64, r-oldrel-windows-ix86+x86_64