CRAN Package Check Results for Package theiaR

Last updated on 2022-09-26 06:51:25 CEST.

Flavor Version Tinstall Tcheck Ttotal Status Flags
r-devel-linux-x86_64-debian-clang 0.4.0 4.54 39.86 44.40 NOTE
r-devel-linux-x86_64-debian-gcc 0.4.0 4.40 30.91 35.31 NOTE
r-devel-linux-x86_64-fedora-clang 0.4.0 66.21 NOTE
r-devel-linux-x86_64-fedora-gcc 0.4.0 64.26 NOTE
r-devel-windows-x86_64 0.4.0 15.00 72.00 87.00 NOTE
r-patched-linux-x86_64 0.4.0 4.97 39.13 44.10 NOTE
r-release-linux-x86_64 0.4.0 4.20 39.15 43.35 NOTE
r-release-macos-arm64 0.4.0 20.00 NOTE
r-release-macos-x86_64 0.4.0 73.00 NOTE
r-release-windows-x86_64 0.4.0 12.00 66.00 78.00 NOTE
r-oldrel-macos-arm64 0.4.0 23.00 NOTE
r-oldrel-macos-x86_64 0.4.0 30.00 NOTE
r-oldrel-windows-ix86+x86_64 0.4.0 10.00 70.00 80.00 NOTE

Check Details

Version: 0.4.0
Check: LazyData
Result: NOTE
     'LazyData' is specified without a 'data' directory
Flavors: r-devel-linux-x86_64-debian-clang, r-devel-linux-x86_64-debian-gcc, r-devel-linux-x86_64-fedora-clang, r-devel-linux-x86_64-fedora-gcc, r-devel-windows-x86_64, r-patched-linux-x86_64, r-release-linux-x86_64, r-release-macos-arm64, r-release-macos-x86_64, r-release-windows-x86_64, r-oldrel-macos-arm64, r-oldrel-macos-x86_64, r-oldrel-windows-ix86+x86_64