CRAN Package Check Results for Package tglkmeans

Last updated on 2024-05-22 13:01:20 CEST.

Flavor Version Tinstall Tcheck Ttotal Status Flags
r-devel-linux-x86_64-debian-clang 0.5.5 98.02 154.68 252.70 NOTE
r-devel-linux-x86_64-debian-gcc 0.5.5 62.45 127.36 189.81 NOTE
r-devel-linux-x86_64-fedora-clang 0.5.5 371.98 NOTE
r-devel-linux-x86_64-fedora-gcc 0.5.5 331.71 NOTE
r-patched-linux-x86_64 0.5.4 91.54 140.45 231.99 NOTE
r-release-linux-x86_64 0.5.5 93.18 148.85 242.03 NOTE
r-release-macos-arm64 0.5.5 73.00 NOTE
r-release-macos-x86_64 0.5.5 166.00 NOTE
r-oldrel-macos-arm64 0.5.5 88.00 NOTE
r-oldrel-macos-x86_64 0.5.5 140.00 NOTE

Check Details

Version: 0.5.5
Check: for GNU extensions in Makefiles
Result: NOTE GNU make is a SystemRequirements. Flavors: r-devel-linux-x86_64-debian-clang, r-devel-linux-x86_64-debian-gcc, r-devel-linux-x86_64-fedora-clang, r-devel-linux-x86_64-fedora-gcc, r-release-linux-x86_64, r-release-macos-arm64, r-release-macos-x86_64, r-oldrel-macos-arm64, r-oldrel-macos-x86_64

Version: 0.5.5
Check: dependencies in R code
Result: NOTE Namespace in Imports field not imported from: ‘doRNG’ All declared Imports should be used. Flavors: r-devel-linux-x86_64-fedora-clang, r-devel-linux-x86_64-fedora-gcc

Version: 0.5.4
Check: for GNU extensions in Makefiles
Result: NOTE GNU make is a SystemRequirements. Flavor: r-patched-linux-x86_64