CRAN Package Check Results for Package tfestimators

Last updated on 2024-06-14 00:54:01 CEST.

Flavor Version Tinstall Tcheck Ttotal Status Flags
r-devel-linux-x86_64-debian-clang 1.9.2 15.35 142.01 157.36 OK
r-devel-linux-x86_64-debian-gcc 1.9.2 0.58 1.94 2.52 ERROR
r-devel-linux-x86_64-fedora-clang 1.9.2 190.00 OK
r-devel-linux-x86_64-fedora-gcc 1.9.2 195.27 OK
r-devel-windows-x86_64 1.9.2 11.00 125.00 136.00 OK
r-patched-linux-x86_64 1.9.2 19.90 131.07 150.97 OK
r-release-linux-x86_64 1.9.2 7.98 135.26 143.24 OK
r-release-macos-arm64 1.9.2 65.00 OK
r-release-macos-x86_64 1.9.2 104.00 OK
r-release-windows-x86_64 1.9.2 12.00 133.00 145.00 OK
r-oldrel-macos-arm64 1.9.2 75.00 OK
r-oldrel-macos-x86_64 1.9.2 110.00 OK
r-oldrel-windows-x86_64 1.9.2 17.00 148.00 165.00 OK

Check Details

Version: 1.9.2
Check: package dependencies
Result: ERROR Packages required but not available: 'progress', 'tensorflow', 'tfruns', 'tidyselect', 'purrr', 'tibble', 'tidyr' Packages suggested but not available for checking: 'ggplot2', 'modelr', 'testthat' See section ‘The DESCRIPTION file’ in the ‘Writing R Extensions’ manual. Flavor: r-devel-linux-x86_64-debian-gcc