CRAN Package Check Results for Package textshape

Last updated on 2022-10-01 01:49:19 CEST.

Flavor Version Tinstall Tcheck Ttotal Status Flags
r-devel-linux-x86_64-debian-clang 1.7.3 5.13 45.20 50.33 OK
r-devel-linux-x86_64-debian-gcc 1.7.3 3.07 32.66 35.73 OK
r-devel-linux-x86_64-fedora-clang 1.7.3 76.71 NOTE
r-devel-linux-x86_64-fedora-gcc 1.7.3 66.92 OK
r-devel-windows-x86_64 1.7.3 43.00 75.00 118.00 OK
r-patched-linux-x86_64 1.7.3 4.90 40.50 45.40 OK
r-release-linux-x86_64 1.7.3 4.25 40.29 44.54 OK
r-release-macos-arm64 1.7.3 22.00 OK
r-release-macos-x86_64 1.7.3 37.00 NOTE
r-release-windows-x86_64 1.7.3 46.00 68.00 114.00 OK
r-oldrel-macos-arm64 1.7.3 29.00 OK
r-oldrel-macos-x86_64 1.7.3 34.00 OK
r-oldrel-windows-ix86+x86_64 1.7.3 9.00 66.00 75.00 OK

Check Details

Version: 1.7.3
Check: Rd cross-references
Result: NOTE
    Undeclared packages ‘tm’, ‘textreadr’ in Rd xrefs
Flavor: r-devel-linux-x86_64-fedora-clang

Version: 1.7.3
Check: Rd cross-references
Result: NOTE
    Package unavailable to check Rd xrefs: ‘textreadr’
Flavor: r-release-macos-x86_64