CRAN Package Check Results for Package textreadr

Last updated on 2022-10-07 12:55:17 CEST.

Flavor Version Tinstall Tcheck Ttotal Status Flags
r-devel-linux-x86_64-debian-clang 1.2.0 4.02 44.45 48.47 NOTE
r-devel-linux-x86_64-debian-gcc 1.2.0 2.64 32.75 35.39 NOTE
r-devel-linux-x86_64-fedora-clang 1.2.0 72.62 NOTE
r-devel-linux-x86_64-fedora-gcc 1.2.0 66.03 NOTE
r-devel-windows-x86_64 1.2.0 59.00 81.00 140.00 NOTE
r-patched-linux-x86_64 1.2.0 3.10 40.63 43.73 OK
r-release-linux-x86_64 1.2.0 4.12 39.38 43.50 OK
r-release-macos-arm64 1.2.0 22.00 OK
r-release-macos-x86_64 1.2.0 33.00 OK
r-release-windows-x86_64 1.2.0 53.00 76.00 129.00 OK
r-oldrel-macos-arm64 1.2.0 34.00 OK
r-oldrel-macos-x86_64 1.2.0 32.00 OK
r-oldrel-windows-ix86+x86_64 1.2.0 13.00 68.00 81.00 OK

Check Details

Version: 1.2.0
Check: HTML version of manual
Result: NOTE
    Found the following HTML validation problems:
    read_transcript.html:174:4: Warning: <a> converting backslash in URI to slash
Flavors: r-devel-linux-x86_64-debian-clang, r-devel-linux-x86_64-debian-gcc, r-devel-linux-x86_64-fedora-clang, r-devel-linux-x86_64-fedora-gcc, r-devel-windows-x86_64

Version: 1.2.0
Check: package dependencies
Result: NOTE
    Package suggested but not available for checking: ‘tesseract’
Flavor: r-devel-linux-x86_64-fedora-clang