CRAN Package Check Results for Package textclean

Last updated on 2022-10-03 01:54:09 CEST.

Flavor Version Tinstall Tcheck Ttotal Status Flags
r-devel-linux-x86_64-debian-clang 0.9.3 13.91 52.84 66.75 OK
r-devel-linux-x86_64-debian-gcc 0.9.3 11.62 39.15 50.77 OK
r-devel-linux-x86_64-fedora-clang 0.9.3 100.73 NOTE
r-devel-linux-x86_64-fedora-gcc 0.9.3 92.06 NOTE
r-devel-windows-x86_64 0.9.3 62.00 84.00 146.00 OK
r-patched-linux-x86_64 0.9.3 13.81 49.01 62.82 OK
r-release-linux-x86_64 0.9.3 10.77 48.25 59.02 OK
r-release-macos-arm64 0.9.3 34.00 NOTE
r-release-macos-x86_64 0.9.3 47.00 NOTE
r-release-windows-x86_64 0.9.3 71.00 78.00 149.00 OK
r-oldrel-macos-arm64 0.9.3 41.00 NOTE
r-oldrel-macos-x86_64 0.9.3 55.00 NOTE
r-oldrel-windows-ix86+x86_64 0.9.3 23.00 72.00 95.00 OK

Check Details

Version: 0.9.3
Check: dependencies in R code
Result: NOTE
    Namespace in Imports field not imported from: ‘lexicon’
     All declared Imports should be used.
Flavors: r-devel-linux-x86_64-fedora-clang, r-devel-linux-x86_64-fedora-gcc, r-release-macos-arm64, r-release-macos-x86_64, r-oldrel-macos-arm64, r-oldrel-macos-x86_64

Version: 0.9.3
Check: Rd cross-references
Result: NOTE
    Undeclared package ‘gsubfn’ in Rd xrefs
Flavor: r-devel-linux-x86_64-fedora-clang