CRAN Package Check Results for Package textTinyR

Last updated on 2020-06-01 13:49:52 CEST.

Flavor Version Tinstall Tcheck Ttotal Status Flags
r-devel-linux-x86_64-debian-clang 1.1.3 138.10 134.60 272.70 OK
r-devel-linux-x86_64-debian-gcc 1.1.3 108.83 108.38 217.21 OK
r-devel-linux-x86_64-fedora-clang 1.1.3 384.55 NOTE
r-devel-linux-x86_64-fedora-gcc 1.1.3 360.27 OK
r-devel-windows-ix86+x86_64 1.1.3 290.00 269.00 559.00 NOTE
r-patched-linux-x86_64 1.1.3 120.84 130.89 251.73 OK
r-patched-solaris-x86 1.1.3 395.70 OK
r-release-linux-x86_64 1.1.3 116.89 131.90 248.79 OK
r-release-osx-x86_64 1.1.3 NOTE
r-release-windows-ix86+x86_64 1.1.3 239.00 320.00 559.00 NOTE
r-oldrel-osx-x86_64 1.1.3 NOTE
r-oldrel-windows-ix86+x86_64 1.1.3 277.00 198.00 475.00 OK

Check Details

Version: 1.1.3
Check: installed package size
Result: NOTE
     installed size is 18.1Mb
     sub-directories of 1Mb or more:
     libs 16.6Mb
Flavors: r-devel-linux-x86_64-fedora-clang, r-devel-windows-ix86+x86_64, r-release-osx-x86_64, r-release-windows-ix86+x86_64, r-oldrel-osx-x86_64