CRAN Package Check Results for Package text2sdg

Last updated on 2022-08-15 21:54:50 CEST.

Flavor Version Tinstall Tcheck Ttotal Status Flags
r-devel-linux-x86_64-debian-clang 0.1.4 3.68 103.85 107.53 ERROR
r-devel-linux-x86_64-debian-gcc 0.1.4 2.98 244.18 247.16 OK
r-devel-linux-x86_64-fedora-clang 0.1.4 394.58 NOTE
r-devel-linux-x86_64-fedora-gcc 0.1.4 385.74 NOTE
r-devel-windows-x86_64 0.1.4 17.00 266.00 283.00 OK
r-patched-linux-x86_64 0.1.4 9.88 303.64 313.52 OK
r-release-linux-x86_64 0.1.4 3.33 310.45 313.78 OK
r-release-macos-arm64 0.1.4 87.00 NOTE
r-release-macos-x86_64 0.1.4 116.00 NOTE
r-release-windows-x86_64 0.1.4 13.00 283.00 296.00 OK
r-oldrel-macos-arm64 0.1.4 85.00 NOTE
r-oldrel-macos-x86_64 0.1.4 115.00 NOTE
r-oldrel-windows-ix86+x86_64 0.1.4 9.00 317.00 326.00 OK

Check Details

Version: 0.1.4
Check: re-building of vignette outputs
Result: ERROR
    Error(s) in re-building vignettes:
     ...
    --- re-building 'text2sdg.Rmd' using rmarkdown
    Quitting from lines 58-64 (text2sdg.Rmd)
    Error: processing vignette 'text2sdg.Rmd' failed with diagnostics:
    input string 7001 is invalid
    --- failed re-building 'text2sdg.Rmd'
    
    SUMMARY: processing the following file failed:
     'text2sdg.Rmd'
    
    Error: Vignette re-building failed.
    Execution halted
Flavor: r-devel-linux-x86_64-debian-clang

Version: 0.1.4
Check: data for non-ASCII characters
Result: NOTE
     Note: found 37 marked UTF-8 strings
Flavors: r-devel-linux-x86_64-fedora-clang, r-devel-linux-x86_64-fedora-gcc, r-release-macos-arm64, r-release-macos-x86_64, r-oldrel-macos-arm64, r-oldrel-macos-x86_64