Last updated on 2022-08-20 01:50:11 CEST.
Flavor | Version | Tinstall | Tcheck | Ttotal | Status | Flags |
---|---|---|---|---|---|---|
r-devel-linux-x86_64-debian-clang | 0.2.0 | 7.42 | 83.90 | 91.32 | OK | |
r-devel-linux-x86_64-debian-gcc | 0.2.0 | 6.06 | 63.27 | 69.33 | OK | |
r-devel-linux-x86_64-fedora-clang | 0.2.0 | 136.52 | NOTE | |||
r-devel-linux-x86_64-fedora-gcc | 0.2.0 | 132.39 | NOTE | |||
r-devel-windows-x86_64 | 0.2.0 | 19.00 | 134.00 | 153.00 | OK | |
r-patched-linux-x86_64 | 0.2.0 | 5.67 | 78.00 | 83.67 | OK | |
r-release-linux-x86_64 | 0.2.0 | OK | ||||
r-release-macos-arm64 | 0.2.0 | 59.00 | OK | |||
r-release-macos-x86_64 | 0.2.0 | 75.00 | OK | |||
r-release-windows-x86_64 | 0.2.0 | 13.00 | 129.00 | 142.00 | OK | |
r-oldrel-macos-arm64 | 0.2.0 | 46.00 | OK | |||
r-oldrel-macos-x86_64 | 0.2.0 | 82.00 | OK | |||
r-oldrel-windows-ix86+x86_64 | 0.2.0 | 17.00 | 107.00 | 124.00 | OK |
Version: 0.2.0
Check: for detritus in the temp directory
Result: NOTE
Found the following files/directories:
‘par-7269706c6579’
Flavors: r-devel-linux-x86_64-fedora-clang, r-devel-linux-x86_64-fedora-gcc