CRAN Package Check Results for Package tesseract

Last updated on 2022-10-03 06:53:34 CEST.

Flavor Version Tinstall Tcheck Ttotal Status Flags
r-devel-linux-x86_64-debian-clang 5.1.0 24.22 107.86 132.08 OK
r-devel-linux-x86_64-debian-gcc 5.1.0 17.89 224.23 242.12 OK
r-devel-linux-x86_64-fedora-clang 5.1.0 183.04 OK
r-devel-linux-x86_64-fedora-gcc 5.1.0 153.50 OK
r-devel-windows-x86_64 5.1.0 29.00 8.00 37.00 ERROR
r-patched-linux-x86_64 5.1.0 19.77 94.72 114.49 OK
r-release-linux-x86_64 5.1.0 21.86 87.23 109.09 OK
r-release-macos-arm64 5.1.0 47.00 NOTE
r-release-macos-x86_64 5.1.0 59.00 NOTE
r-release-windows-x86_64 5.1.0 74.00 137.00 211.00 NOTE
r-oldrel-macos-arm64 5.1.0 39.00 NOTE
r-oldrel-macos-x86_64 5.1.0 56.00 NOTE
r-oldrel-windows-ix86+x86_64 5.1.0 81.00 147.00 228.00 NOTE

Check Details

Version: 5.1.0
Check: whether package can be installed
Result: ERROR
    Installation failed.
Flavor: r-devel-windows-x86_64

Version: 5.1.0
Check: installed package size
Result: NOTE
     installed size is 30.9Mb
     sub-directories of 1Mb or more:
     doc 1.0Mb
     libs 7.6Mb
     tessdata 22.2Mb
Flavors: r-release-macos-arm64, r-release-macos-x86_64, r-release-windows-x86_64, r-oldrel-macos-arm64, r-oldrel-macos-x86_64, r-oldrel-windows-ix86+x86_64