Last updated on 2023-09-29 18:54:49 CEST.
Flavor | Version | Tinstall | Tcheck | Ttotal | Status | Flags |
---|---|---|---|---|---|---|
r-devel-linux-x86_64-debian-clang | 5.1.0 | 24.36 | 103.19 | 127.55 | NOTE | |
r-devel-linux-x86_64-debian-gcc | 5.2.0 | 16.80 | 288.44 | 305.24 | OK | |
r-devel-linux-x86_64-fedora-gcc | 5.2.0 | 100.84 | OK | |||
r-devel-windows-x86_64 | 5.2.0 | 41.00 | 162.00 | 203.00 | NOTE | |
r-patched-linux-x86_64 | 5.2.0 | 20.89 | 98.40 | 119.29 | OK | |
r-release-linux-x86_64 | 5.2.0 | 28.19 | 90.45 | 118.64 | OK | |
r-release-macos-arm64 | 5.2.0 | 74.00 | NOTE | |||
r-release-macos-x86_64 | 5.2.0 | 142.00 | NOTE | |||
r-release-windows-x86_64 | 5.2.0 | 59.00 | 151.00 | 210.00 | NOTE | |
r-oldrel-macos-arm64 | 5.2.0 | 60.00 | NOTE | |||
r-oldrel-macos-x86_64 | 5.2.0 | 110.00 | NOTE | |||
r-oldrel-windows-x86_64 | 5.2.0 | 37.00 | 126.00 | 163.00 | NOTE |
Version: 5.1.0
Check: C++ specification
Result: NOTE
Specified C++11: please drop specification unless essential
Flavor: r-devel-linux-x86_64-debian-clang
Version: 5.2.0
Check: installed package size
Result: NOTE
installed size is 23.3Mb
sub-directories of 1Mb or more:
doc 1.1Mb
libs 8.1Mb
tessdata 14.0Mb
Flavors: r-devel-windows-x86_64, r-release-macos-arm64, r-release-macos-x86_64, r-release-windows-x86_64, r-oldrel-macos-arm64, r-oldrel-macos-x86_64, r-oldrel-windows-x86_64