CRAN Package Check Results for Package tensorr

Last updated on 2022-08-11 21:50:18 CEST.

Flavor Version Tinstall Tcheck Ttotal Status Flags
r-devel-linux-x86_64-debian-clang 0.1.1 15.17 103.68 118.85 NOTE
r-devel-linux-x86_64-debian-gcc 0.1.1 13.31 78.61 91.92 NOTE
r-devel-linux-x86_64-fedora-clang 0.1.1 153.75 NOTE
r-devel-linux-x86_64-fedora-gcc 0.1.1 148.94 NOTE
r-devel-windows-x86_64 0.1.1 48.00 124.00 172.00 NOTE
r-patched-linux-x86_64 0.1.1 13.74 98.37 112.11 NOTE
r-release-linux-x86_64 0.1.1 11.60 97.81 109.41 NOTE
r-release-macos-arm64 0.1.1 39.00 NOTE
r-release-macos-x86_64 0.1.1 59.00 NOTE
r-release-windows-x86_64 0.1.1 79.00 127.00 206.00 NOTE
r-oldrel-macos-arm64 0.1.1 47.00 NOTE
r-oldrel-macos-x86_64 0.1.1 82.00 NOTE
r-oldrel-windows-ix86+x86_64 0.1.1 30.00 116.00 146.00 NOTE

Check Details

Version: 0.1.1
Check: LazyData
Result: NOTE
     'LazyData' is specified without a 'data' directory
Flavors: r-devel-linux-x86_64-debian-clang, r-devel-linux-x86_64-debian-gcc, r-devel-linux-x86_64-fedora-clang, r-devel-linux-x86_64-fedora-gcc, r-devel-windows-x86_64, r-patched-linux-x86_64, r-release-linux-x86_64, r-release-macos-arm64, r-release-macos-x86_64, r-release-windows-x86_64, r-oldrel-macos-arm64, r-oldrel-macos-x86_64, r-oldrel-windows-ix86+x86_64