CRAN Package Check Results for Package templates

Last updated on 2022-11-27 06:53:10 CET.

Flavor Version Tinstall Tcheck Ttotal Status Flags
r-devel-linux-x86_64-debian-clang 0.3.0 4.05 45.47 49.52 NOTE
r-devel-linux-x86_64-debian-gcc 0.3.0 3.11 33.88 36.99 NOTE
r-devel-linux-x86_64-fedora-clang 0.3.0 71.38 NOTE
r-devel-linux-x86_64-fedora-gcc 0.3.0 68.16 NOTE
r-devel-windows-x86_64 0.3.0 18.00 83.00 101.00 NOTE
r-patched-linux-x86_64 0.3.0 3.66 43.21 46.87 NOTE
r-release-linux-x86_64 0.3.0 3.90 42.74 46.64 NOTE
r-release-macos-arm64 0.3.0 21.00 NOTE
r-release-macos-x86_64 0.3.0 30.00 NOTE
r-release-windows-x86_64 0.3.0 19.00 79.00 98.00 NOTE
r-oldrel-macos-arm64 0.3.0 27.00 NOTE
r-oldrel-macos-x86_64 0.3.0 37.00 NOTE
r-oldrel-windows-ix86+x86_64 0.3.0 13.00 65.00 78.00 NOTE

Check Details

Version: 0.3.0
Check: LazyData
Result: NOTE
     'LazyData' is specified without a 'data' directory
Flavors: r-devel-linux-x86_64-debian-clang, r-devel-linux-x86_64-debian-gcc, r-devel-linux-x86_64-fedora-clang, r-devel-linux-x86_64-fedora-gcc, r-devel-windows-x86_64, r-patched-linux-x86_64, r-release-linux-x86_64, r-release-macos-arm64, r-release-macos-x86_64, r-release-windows-x86_64, r-oldrel-macos-arm64, r-oldrel-macos-x86_64, r-oldrel-windows-ix86+x86_64