CRAN Package Check Results for Package teamcolors

Last updated on 2022-08-20 01:50:11 CEST.

Flavor Version Tinstall Tcheck Ttotal Status Flags
r-devel-linux-x86_64-debian-clang 0.0.4 5.76 71.01 76.77 OK
r-devel-linux-x86_64-debian-gcc 0.0.4 4.13 52.88 57.01 OK
r-devel-linux-x86_64-fedora-clang 0.0.4 101.21 NOTE
r-devel-linux-x86_64-fedora-gcc 0.0.4 99.67 OK
r-devel-windows-x86_64 0.0.4 18.00 101.00 119.00 OK
r-patched-linux-x86_64 0.0.4 5.14 67.53 72.67 OK
r-release-linux-x86_64 0.0.4 OK
r-release-macos-arm64 0.0.4 27.00 OK
r-release-macos-x86_64 0.0.4 49.00 OK
r-release-windows-x86_64 0.0.4 31.00 96.00 127.00 OK
r-oldrel-macos-arm64 0.0.4 30.00 OK
r-oldrel-macos-x86_64 0.0.4 45.00 OK
r-oldrel-windows-ix86+x86_64 0.0.4 15.00 88.00 103.00 OK

Check Details

Version: 0.0.4
Check: Rd cross-references
Result: NOTE
    Undeclared package ‘scales’ in Rd xrefs
Flavor: r-devel-linux-x86_64-fedora-clang