CRAN Package Check Results for Package tdigest

Last updated on 2022-08-15 12:54:12 CEST.

Flavor Version Tinstall Tcheck Ttotal Status Flags
r-devel-linux-x86_64-debian-clang 0.3.0 2.99 25.44 28.43 NOTE
r-devel-linux-x86_64-debian-gcc 0.3.0 2.32 20.04 22.36 NOTE
r-devel-linux-x86_64-fedora-clang 0.3.0 45.64 NOTE
r-devel-linux-x86_64-fedora-gcc 0.3.0 45.19 NOTE
r-devel-windows-x86_64 0.3.0 15.00 50.00 65.00 NOTE
r-patched-linux-x86_64 0.3.0 2.76 24.49 27.25 OK
r-release-linux-x86_64 0.3.0 2.56 24.88 27.44 OK
r-release-macos-arm64 0.3.0 16.00 OK
r-release-macos-x86_64 0.3.0 22.00 OK
r-release-windows-x86_64 0.3.0 19.00 50.00 69.00 OK
r-oldrel-macos-arm64 0.3.0 21.00 OK
r-oldrel-macos-x86_64 0.3.0 31.00 OK
r-oldrel-windows-ix86+x86_64 0.3.0 10.00 55.00 65.00 OK

Additional issues

rchk

Check Details

Version: 0.3.0
Check: package subdirectories
Result: NOTE
    Problems with news in 'NEWS.md':
    No news entries found.
Flavors: r-devel-linux-x86_64-debian-clang, r-devel-linux-x86_64-debian-gcc, r-devel-linux-x86_64-fedora-clang, r-devel-linux-x86_64-fedora-gcc, r-devel-windows-x86_64