Last updated on 2023-12-05 00:52:21 CET.
Flavor | Version | Tinstall | Tcheck | Ttotal | Status | Flags |
---|---|---|---|---|---|---|
r-devel-linux-x86_64-debian-clang | 1.0 | 8.51 | 65.09 | 73.60 | OK | |
r-devel-linux-x86_64-debian-gcc | 1.0 | 5.62 | 50.06 | 55.68 | OK | |
r-devel-linux-x86_64-fedora-clang | 1.0 | 90.53 | NOTE | |||
r-devel-linux-x86_64-fedora-gcc | 1.0 | 87.12 | OK | |||
r-devel-windows-x86_64 | 1.0 | 7.00 | 67.00 | 74.00 | OK | |
r-patched-linux-x86_64 | 1.0 | 7.23 | 64.89 | 72.12 | OK | |
r-release-linux-x86_64 | 1.0 | 7.38 | 64.32 | 71.70 | OK | |
r-release-macos-arm64 | 1.0 | 35.00 | OK | |||
r-release-macos-x86_64 | 1.0 | 49.00 | OK | |||
r-release-windows-x86_64 | 1.0 | 9.00 | 74.00 | 83.00 | OK | |
r-oldrel-macos-arm64 | 1.0 | 31.00 | OK | |||
r-oldrel-macos-x86_64 | 1.0 | 45.00 | OK | |||
r-oldrel-windows-x86_64 | 1.0 | 9.00 | 84.00 | 93.00 | OK |
Version: 1.0
Check: Rd cross-references
Result: NOTE
Undeclared package ‘survivalROC’ in Rd xrefs
Flavor: r-devel-linux-x86_64-fedora-clang