CRAN Package Check Results for Package tclust

Last updated on 2022-10-02 18:51:02 CEST.

Flavor Version Tinstall Tcheck Ttotal Status Flags
r-devel-linux-x86_64-debian-clang 1.5-1 17.11 75.33 92.44 OK
r-devel-linux-x86_64-debian-gcc 1.5-1 15.82 58.01 73.83 OK
r-devel-linux-x86_64-fedora-clang 1.5-1 136.14 WARN
r-devel-linux-x86_64-fedora-gcc 1.5-1 129.55 OK
r-devel-windows-x86_64 1.5-1 36.00 144.00 180.00 OK
r-patched-linux-x86_64 1.5-1 17.51 72.98 90.49 OK
r-release-linux-x86_64 1.5-1 15.68 72.58 88.26 OK
r-release-macos-arm64 1.5-1 52.00 OK
r-release-macos-x86_64 1.5-1 65.00 OK
r-release-windows-x86_64 1.5-1 36.00 141.00 177.00 OK
r-oldrel-macos-arm64 1.5-1 48.00 OK
r-oldrel-macos-x86_64 1.5-1 65.00 OK
r-oldrel-windows-ix86+x86_64 1.5-1 44.00 145.00 189.00 OK

Additional issues

clang15 clang15

Check Details

Version: 1.5-1
Check: whether package can be installed
Result: WARN
    Found the following significant warnings:
     tclust_init.c:1:81: warning: invalid UTF-8 in comment [-Winvalid-utf8]
     tclust_init.c:1:100: warning: invalid UTF-8 in comment [-Winvalid-utf8]
     tclust_init.c:1:103: warning: invalid UTF-8 in comment [-Winvalid-utf8]
     tclust_init.c:1:123: warning: invalid UTF-8 in comment [-Winvalid-utf8]
Flavor: r-devel-linux-x86_64-fedora-clang