CRAN Package Check Results for Package tcensReg

Last updated on 2020-09-21 19:59:15 CEST.

Flavor Version Tinstall Tcheck Ttotal Status Flags
r-devel-linux-x86_64-debian-clang 0.1.7 5.78 61.66 67.44 OK
r-devel-linux-x86_64-debian-gcc 0.1.7 4.29 46.19 50.48 OK
r-devel-linux-x86_64-fedora-clang 0.1.7 102.44 WARN
r-devel-linux-x86_64-fedora-gcc 0.1.7 84.09 OK
r-devel-windows-ix86+x86_64 0.1.7 10.00 76.00 86.00 OK
r-patched-linux-x86_64 0.1.7 5.51 59.96 65.47 OK
r-patched-solaris-x86 0.1.7 132.00 OK
r-release-linux-x86_64 0.1.7 5.09 61.02 66.11 OK
r-release-macos-x86_64 0.1.7 OK
r-release-windows-ix86+x86_64 0.1.7 11.00 95.00 106.00 OK
r-oldrel-macos-x86_64 0.1.7 OK
r-oldrel-windows-ix86+x86_64 0.1.7 5.00 90.00 95.00 OK

Check Details

Version: 0.1.7
Check: package dependencies
Result: WARN
    Requires (indirectly) orphaned package: ‘bibtex’
Flavor: r-devel-linux-x86_64-fedora-clang