CRAN Package Check Results for Package taxlist

Last updated on 2022-12-10 00:50:07 CET.

Flavor Version Tinstall Tcheck Ttotal Status Flags
r-devel-linux-x86_64-debian-clang 0.2.3 10.44 84.44 94.88 OK
r-devel-linux-x86_64-debian-gcc 0.2.3 7.70 67.90 75.60 OK
r-devel-linux-x86_64-fedora-clang 0.2.3 121.09 NOTE
r-devel-linux-x86_64-fedora-gcc 0.2.3 133.15 NOTE
r-devel-windows-x86_64 0.2.3 67.00 133.00 200.00 OK
r-patched-linux-x86_64 0.2.3 16.47 74.57 91.04 OK
r-release-linux-x86_64 0.2.3 9.14 77.56 86.70 OK
r-release-macos-arm64 0.2.3 32.00 NOTE
r-release-macos-x86_64 0.2.3 47.00 NOTE
r-release-windows-x86_64 0.2.3 70.00 120.00 190.00 OK
r-oldrel-macos-arm64 0.2.3 35.00 NOTE
r-oldrel-macos-x86_64 0.2.3 50.00 NOTE
r-oldrel-windows-ix86+x86_64 0.2.3 24.00 101.00 125.00 OK

Check Details

Version: 0.2.3
Check: data for non-ASCII characters
Result: NOTE
     Note: found 137 marked UTF-8 strings
Flavors: r-devel-linux-x86_64-fedora-clang, r-devel-linux-x86_64-fedora-gcc, r-release-macos-arm64, r-release-macos-x86_64, r-oldrel-macos-arm64, r-oldrel-macos-x86_64