CRAN Package Check Results for Package taxlist

Last updated on 2020-10-29 13:48:58 CET.

Flavor Version Tinstall Tcheck Ttotal Status Flags
r-devel-linux-x86_64-debian-clang 0.2.0 9.55 82.01 91.56 OK
r-devel-linux-x86_64-debian-gcc 0.2.0 7.43 61.40 68.83 OK
r-devel-linux-x86_64-fedora-clang 0.2.0 119.51 NOTE
r-devel-linux-x86_64-fedora-gcc 0.2.0 116.91 NOTE
r-devel-windows-ix86+x86_64 0.2.0 22.00 90.00 112.00 OK
r-patched-linux-x86_64 0.2.0 10.21 75.57 85.78 OK
r-patched-solaris-x86 0.2.0 153.70 NOTE
r-release-linux-x86_64 0.2.0 8.98 75.50 84.48 OK
r-release-macos-x86_64 0.2.0 NOTE
r-release-windows-ix86+x86_64 0.2.0 18.00 113.00 131.00 OK
r-oldrel-macos-x86_64 0.2.0 NOTE
r-oldrel-windows-ix86+x86_64 0.2.0 19.00 101.00 120.00 OK

Check Details

Version: 0.2.0
Check: data for non-ASCII characters
Result: NOTE
     Note: found 137 marked UTF-8 strings
Flavors: r-devel-linux-x86_64-fedora-clang, r-devel-linux-x86_64-fedora-gcc, r-patched-solaris-x86, r-release-macos-x86_64, r-oldrel-macos-x86_64