CRAN Package Check Results for Package taxadb

Last updated on 2020-09-21 01:53:23 CEST.

Flavor Version Tinstall Tcheck Ttotal Status Flags
r-devel-linux-x86_64-debian-clang 0.1.0 7.42 653.76 661.18 ERROR
r-devel-linux-x86_64-debian-gcc 0.1.0 5.90 105.89 111.79 NOTE
r-devel-linux-x86_64-fedora-clang 0.1.0 197.89 NOTE
r-devel-linux-x86_64-fedora-gcc 0.1.0 98.01 NOTE
r-devel-windows-ix86+x86_64 0.1.0 17.00 0.00 17.00 FAIL
r-patched-linux-x86_64 0.1.0 6.67 107.84 114.51 NOTE
r-patched-solaris-x86 0.1.0 274.70 NOTE
r-release-linux-x86_64 0.1.0 7.94 127.67 135.61 NOTE
r-release-macos-x86_64 0.1.0 NOTE
r-release-windows-ix86+x86_64 0.1.0 16.00 0.00 16.00 FAIL
r-oldrel-macos-x86_64 0.1.0 NOTE
r-oldrel-windows-ix86+x86_64 0.1.0 11.00 0.00 11.00 FAIL

Check Details

Version: 0.1.0
Check: package dependencies
Result: NOTE
    Package suggested but not available for checking: 'MonetDBLite'
Flavors: r-devel-linux-x86_64-debian-clang, r-devel-linux-x86_64-debian-gcc, r-devel-linux-x86_64-fedora-clang, r-devel-linux-x86_64-fedora-gcc, r-devel-windows-ix86+x86_64, r-patched-linux-x86_64, r-release-linux-x86_64, r-release-windows-ix86+x86_64

Version: 0.1.0
Check: tests
Result: ERROR
     Running 'spelling.R' [0s/1s]
     Running 'testthat.R' [10m/11m]
    Running the tests in 'tests/testthat.R' failed.
    Complete output:
     > library(testthat)
     > library(taxadb)
     >
     > #Sys.setenv(TAXADB_DRIVER="MonetDBLite")
     > test_check("taxadb")
     [1] "Testing using backend duckdb_connection"
     Killed
Flavor: r-devel-linux-x86_64-debian-clang

Version: 0.1.0
Check: dependencies in R code
Result: NOTE
    Namespace in Imports field not imported from: ‘RSQLite’
     All declared Imports should be used.
Flavors: r-devel-linux-x86_64-fedora-clang, r-devel-linux-x86_64-fedora-gcc, r-patched-solaris-x86, r-release-macos-x86_64, r-oldrel-macos-x86_64

Version: 0.1.0
Check: tests
Result: FAIL
    Check process probably crashed or hung up for 20 minutes ... killed
    Most likely this happened in the example checks (?),
    if not, ignore the following last lines of example output:
    > cleanEx()
    > nameEx("td_disconnect")
    > ### * td_disconnect
    >
    > flush(stderr()); flush(stdout())
    >
    > ### Name: td_disconnect
    > ### Title: Disconnect from the taxadb database.
    > ### Aliases: td_disconnect
    >
    > ### ** Examples
    >
    >
    >
    >
    > ### * <FOOTER>
    > ###
    > cleanEx()
    > options(digits = 7L)
    > base::cat("Time elapsed: ", proc.time() - base::get("ptime", pos = 'CheckExEnv'),"\n")
    Time elapsed: 3.41 0.17 3.85 NA NA
    > grDevices::dev.off()
    null device
     1
    > ###
    > ### Local variables: ***
    > ### mode: outline-minor ***
    > ### outline-regexp: "\\(> \\)?### [*]+" ***
    > ### End: ***
    > quit('no')
    ======== End of example output (where/before crash/hang up occured ?) ========
Flavor: r-devel-windows-ix86+x86_64

Version: 0.1.0
Check: package dependencies
Result: NOTE
    Packages suggested but not available for checking: 'MonetDBLite', 'duckdb'
Flavors: r-patched-solaris-x86, r-release-macos-x86_64

Version: 0.1.0
Check: tests
Result: FAIL
    Check process probably crashed or hung up for 20 minutes ... killed
    Most likely this happened in the example checks (?),
    if not, ignore the following last lines of example output:
    > cleanEx()
    > nameEx("td_disconnect")
    > ### * td_disconnect
    >
    > flush(stderr()); flush(stdout())
    >
    > ### Name: td_disconnect
    > ### Title: Disconnect from the taxadb database.
    > ### Aliases: td_disconnect
    >
    > ### ** Examples
    >
    >
    >
    >
    > ### * <FOOTER>
    > ###
    > cleanEx()
    > options(digits = 7L)
    > base::cat("Time elapsed: ", proc.time() - base::get("ptime", pos = 'CheckExEnv'),"\n")
    Time elapsed: 3.71 0.31 4.2 NA NA
    > grDevices::dev.off()
    null device
     1
    > ###
    > ### Local variables: ***
    > ### mode: outline-minor ***
    > ### outline-regexp: "\\(> \\)?### [*]+" ***
    > ### End: ***
    > quit('no')
    ======== End of example output (where/before crash/hang up occured ?) ========
Flavor: r-release-windows-ix86+x86_64

Version: 0.1.0
Check: package dependencies
Result: NOTE
    Package suggested but not available for checking: ‘duckdb’
Flavor: r-oldrel-macos-x86_64

Version: 0.1.0
Check: tests
Result: FAIL
    Check process probably crashed or hung up for 20 minutes ... killed
    Most likely this happened in the example checks (?),
    if not, ignore the following last lines of example output:
    > cleanEx()
    > nameEx("td_disconnect")
    > ### * td_disconnect
    >
    > flush(stderr()); flush(stdout())
    >
    > ### Name: td_disconnect
    > ### Title: Disconnect from the taxadb database.
    > ### Aliases: td_disconnect
    >
    > ### ** Examples
    >
    >
    >
    >
    > ### * <FOOTER>
    > ###
    > cleanEx()
    > options(digits = 7L)
    > base::cat("Time elapsed: ", proc.time() - base::get("ptime", pos = 'CheckExEnv'),"\n")
    Time elapsed: 3.47 0.16 3.85 NA NA
    > grDevices::dev.off()
    null device
     1
    > ###
    > ### Local variables: ***
    > ### mode: outline-minor ***
    > ### outline-regexp: "\\(> \\)?### [*]+" ***
    > ### End: ***
    > quit('no')
    ======== End of example output (where/before crash/hang up occured ?) ========
Flavor: r-oldrel-windows-ix86+x86_64