Last updated on 2023-02-03 12:56:16 CET.
Flavor | Version | Tinstall | Tcheck | Ttotal | Status | Flags |
---|---|---|---|---|---|---|
r-devel-linux-x86_64-debian-clang | 0.3 | 200.52 | 158.55 | 359.07 | NOTE | |
r-devel-linux-x86_64-debian-gcc | 0.3 | 156.40 | 137.48 | 293.88 | NOTE | |
r-devel-linux-x86_64-fedora-clang | 0.3 | 481.89 | NOTE | |||
r-devel-linux-x86_64-fedora-gcc | 0.3 | 485.40 | NOTE | |||
r-patched-linux-x86_64 | 0.3 | 160.32 | 150.39 | 310.71 | OK | |
r-release-linux-x86_64 | 0.3 | 164.81 | 150.31 | 315.12 | OK | |
r-release-macos-arm64 | 0.3 | 118.00 | NOTE | |||
r-release-macos-x86_64 | 0.3 | 137.00 | NOTE | |||
r-release-windows-x86_64 | 0.3 | 276.00 | 205.00 | 481.00 | OK | |
r-oldrel-macos-arm64 | 0.3 | 107.00 | NOTE | |||
r-oldrel-macos-x86_64 | 0.3 | 140.00 | NOTE | |||
r-oldrel-windows-ix86+x86_64 | 0.3 | 454.00 | 240.00 | 694.00 | OK |
Version: 0.3
Check: C++ specification
Result: NOTE
Specified C++11: please update to current default of C++17
Flavors: r-devel-linux-x86_64-debian-clang, r-devel-linux-x86_64-debian-gcc, r-devel-linux-x86_64-fedora-clang, r-devel-linux-x86_64-fedora-gcc
Version: 0.3
Check: installed package size
Result: NOTE
installed size is 12.1Mb
sub-directories of 1Mb or more:
libs 10.9Mb
Flavors: r-release-macos-arm64, r-release-macos-x86_64, r-oldrel-macos-arm64, r-oldrel-macos-x86_64