CRAN Package Check Results for Package tangles

Last updated on 2020-10-28 19:48:00 CET.

Flavor Version Tinstall Tcheck Ttotal Status Flags
r-devel-linux-x86_64-debian-clang 0.8.1 7.79 90.33 98.12 OK
r-devel-linux-x86_64-debian-gcc 0.8.1 7.33 67.50 74.83 WARN
r-devel-linux-x86_64-fedora-clang 0.8.1 106.73 OK
r-devel-linux-x86_64-fedora-gcc 0.8.1 120.47 OK
r-devel-windows-ix86+x86_64 0.8.1 19.00 90.00 109.00 OK
r-patched-linux-x86_64 0.8.1 OK
r-patched-solaris-x86 0.8.1 160.40 OK
r-release-linux-x86_64 0.8.1 8.83 83.49 92.32 OK
r-release-macos-x86_64 0.8.1 OK
r-release-windows-ix86+x86_64 0.8.1 14.00 80.00 94.00 OK
r-oldrel-macos-x86_64 0.8.1 OK
r-oldrel-windows-ix86+x86_64 0.8.1 23.00 102.00 125.00 OK

Check Details

Version: 0.8.1
Check: re-building of vignette outputs
Result: WARN
    Error(s) in re-building vignettes:
     ...
    --- re-building ‘deidentification.Rmd’ using rmarkdown
    Loading required package: sp
    Warning in `dim<-`(`*tmp*`, value = c(nr, nc)) :
     NAs introduced by coercion to integer range
    Quitting from lines 146-152 (deidentification.Rmd)
    Error: processing vignette 'deidentification.Rmd' failed with diagnostics:
    missing value where TRUE/FALSE needed
    --- failed re-building ‘deidentification.Rmd’
    
    SUMMARY: processing the following file failed:
     ‘deidentification.Rmd’
    
    Error: Vignette re-building failed.
    Execution halted
Flavor: r-devel-linux-x86_64-debian-gcc