CRAN Package Check Results for Package tabuSearch

Last updated on 2024-06-19 00:49:42 CEST.

Flavor Version Tinstall Tcheck Ttotal Status Flags
r-devel-linux-x86_64-debian-clang 1.1.1 2.05 21.39 23.44 NOTE
r-devel-linux-x86_64-debian-gcc 1.1.1 1.75 16.76 18.51 NOTE
r-devel-linux-x86_64-fedora-clang 1.1.1 30.78 NOTE
r-devel-linux-x86_64-fedora-gcc 1.1.1 28.67 NOTE
r-devel-windows-x86_64 1.1.1 2.00 35.00 37.00 NOTE
r-patched-linux-x86_64 1.1.1 1.85 21.48 23.33 NOTE
r-release-linux-x86_64 1.1.1 1.92 20.90 22.82 NOTE
r-release-macos-arm64 1.1.1 14.00 NOTE
r-release-macos-x86_64 1.1.1 23.00 NOTE
r-release-windows-x86_64 1.1.1 2.00 36.00 38.00 NOTE
r-oldrel-macos-arm64 1.1.1 14.00 NOTE
r-oldrel-macos-x86_64 1.1.1 17.00 NOTE
r-oldrel-windows-x86_64 1.1.1 4.00 36.00 40.00 NOTE

Check Details

Version: 1.1.1
Check: package subdirectories
Result: NOTE Problems with news in ‘NEWS.md’: No news entries found. Flavors: r-devel-linux-x86_64-debian-clang, r-devel-linux-x86_64-debian-gcc, r-devel-linux-x86_64-fedora-clang, r-devel-linux-x86_64-fedora-gcc, r-devel-windows-x86_64, r-patched-linux-x86_64, r-release-linux-x86_64, r-release-macos-arm64, r-release-macos-x86_64, r-release-windows-x86_64, r-oldrel-macos-arm64, r-oldrel-macos-x86_64, r-oldrel-windows-x86_64