CRAN Package Check Results for Package tables

Last updated on 2020-06-01 13:49:52 CEST.

Flavor Version Tinstall Tcheck Ttotal Status Flags
r-devel-linux-x86_64-debian-clang 0.9.3 5.60 90.36 95.96 OK
r-devel-linux-x86_64-debian-gcc 0.9.3 4.59 69.59 74.18 OK
r-devel-linux-x86_64-fedora-clang 0.9.3 131.58 OK
r-devel-linux-x86_64-fedora-gcc 0.9.3 75.44 OK
r-devel-windows-ix86+x86_64 0.9.3 15.00 148.00 163.00 OK
r-patched-linux-x86_64 0.9.3 4.73 89.56 94.29 OK
r-patched-solaris-x86 0.9.3 128.00 WARN
r-release-linux-x86_64 0.9.3 5.33 89.53 94.86 OK
r-release-osx-x86_64 0.9.3 OK
r-release-windows-ix86+x86_64 0.9.3 10.00 103.00 113.00 OK
r-oldrel-osx-x86_64 0.9.3 NOTE
r-oldrel-windows-ix86+x86_64 0.9.3 14.00 154.00 168.00 OK

Check Details

Version: 0.9.3
Check: re-building of vignette outputs
Result: WARN
    Error(s) in re-building vignettes:
     ...
    --- re-building ‘HTML.Rmd’ using rmarkdown
    Warning in engine$weave(file, quiet = quiet, encoding = enc) :
     Pandoc (>= 1.12.3) and/or pandoc-citeproc not available. Falling back to R Markdown v1.
    Quitting from lines 44-45 (HTML.Rmd)
    Error: processing vignette 'HTML.Rmd' failed with diagnostics:
    argument is of length zero
    --- failed re-building ‘HTML.Rmd’
    
    --- re-building ‘knitrTables.Rmd’ using rmarkdown
    Warning in engine$weave(file, quiet = quiet, encoding = enc) :
     Pandoc (>= 1.12.3) and/or pandoc-citeproc not available. Falling back to R Markdown v1.
    Quitting from lines 72-76 (knitrTables.Rmd)
    Error: processing vignette 'knitrTables.Rmd' failed with diagnostics:
    argument is of length zero
    --- failed re-building ‘knitrTables.Rmd’
    
    --- re-building ‘tables.Rnw’ using Sweave
    Loading required namespace: Hmisc
    --- finished re-building ‘tables.Rnw’
    
    SUMMARY: processing the following files failed:
     ‘HTML.Rmd’ ‘knitrTables.Rmd’
    
    Error: Vignette re-building failed.
    Execution halted
Flavor: r-patched-solaris-x86

Version: 0.9.3
Check: re-building of vignette outputs
Result: NOTE
    Error(s) in re-building vignettes:
    --- re-building ‘HTML.Rmd’ using rmarkdown
    Warning in engine$weave(file, quiet = quiet, encoding = enc) :
     Pandoc (>= 1.12.3) and/or pandoc-citeproc not available. Falling back to R Markdown v1.
    Quitting from lines 44-45 (HTML.Rmd)
    Error: processing vignette 'HTML.Rmd' failed with diagnostics:
    argument is of length zero
    --- failed re-building ‘HTML.Rmd’
    
    --- re-building ‘knitrTables.Rmd’ using rmarkdown
    Warning in engine$weave(file, quiet = quiet, encoding = enc) :
     Pandoc (>= 1.12.3) and/or pandoc-citeproc not available. Falling back to R Markdown v1.
    Quitting from lines 72-76 (knitrTables.Rmd)
    Error: processing vignette 'knitrTables.Rmd' failed with diagnostics:
    argument is of length zero
    --- failed re-building ‘knitrTables.Rmd’
    
    --- re-building ‘tables.Rnw’ using Sweave
    Loading required namespace: Hmisc
    --- finished re-building ‘tables.Rnw’
    
    SUMMARY: processing the following files failed:
     ‘HTML.Rmd’ ‘knitrTables.Rmd’
    
    Error: Vignette re-building failed.
    Execution halted
Flavor: r-oldrel-osx-x86_64