CRAN Package Check Results for Package tablerDash

Last updated on 2024-05-25 06:57:12 CEST.

Flavor Version Tinstall Tcheck Ttotal Status Flags
r-devel-linux-x86_64-debian-clang 0.1.0 3.20 26.51 29.71 NOTE
r-devel-linux-x86_64-debian-gcc 0.1.0 2.75 20.84 23.59 NOTE
r-devel-linux-x86_64-fedora-clang 0.1.0 38.51 NOTE
r-devel-linux-x86_64-fedora-gcc 0.1.0 36.00 NOTE
r-devel-windows-x86_64 0.1.0 5.00 47.00 52.00 NOTE
r-patched-linux-x86_64 0.1.0 4.56 26.07 30.63 NOTE
r-release-linux-x86_64 0.1.0 3.49 25.79 29.28 NOTE
r-release-macos-arm64 0.1.0 16.00 NOTE
r-release-windows-x86_64 0.1.0 5.00 47.00 52.00 NOTE
r-oldrel-macos-arm64 0.1.0 17.00 NOTE
r-oldrel-macos-x86_64 0.1.0 22.00 NOTE
r-oldrel-windows-x86_64 0.1.0 6.00 50.00 56.00 NOTE

Check Details

Version: 0.1.0
Check: LazyData
Result: NOTE 'LazyData' is specified without a 'data' directory Flavors: r-devel-linux-x86_64-debian-clang, r-devel-linux-x86_64-debian-gcc, r-devel-linux-x86_64-fedora-clang, r-devel-linux-x86_64-fedora-gcc, r-devel-windows-x86_64, r-patched-linux-x86_64, r-release-linux-x86_64, r-release-macos-arm64, r-release-windows-x86_64, r-oldrel-macos-arm64, r-oldrel-macos-x86_64, r-oldrel-windows-x86_64

Version: 0.1.0
Check: dependencies in R code
Result: NOTE Namespace in Imports field not imported from: ‘knitr’ All declared Imports should be used. Flavors: r-devel-linux-x86_64-fedora-clang, r-devel-linux-x86_64-fedora-gcc