CRAN Package Check Results for Package sysfonts

Last updated on 2023-09-27 21:01:37 CEST.

Flavor Version Tinstall Tcheck Ttotal Status Flags
r-devel-linux-x86_64-debian-clang 0.8.8 5.25 24.97 30.22 OK
r-devel-linux-x86_64-debian-gcc 0.8.8 3.52 19.61 23.13 OK
r-devel-linux-x86_64-fedora-clang 0.8.8 38.78 OK
r-devel-linux-x86_64-fedora-gcc 0.8.8 37.88 OK
r-devel-windows-x86_64 0.8.8 20.00 54.00 74.00 OK
r-patched-linux-x86_64 0.8.8 4.64 25.43 30.07 OK
r-release-linux-x86_64 0.8.8 4.54 24.94 29.48 OK
r-release-macos-arm64 0.8.8 28.00 NOTE
r-release-macos-x86_64 0.8.8 33.00 NOTE
r-release-windows-x86_64 0.8.8 16.00 58.00 74.00 OK
r-oldrel-macos-arm64 0.8.8 22.00 NOTE
r-oldrel-macos-x86_64 0.8.8 32.00 NOTE
r-oldrel-windows-x86_64 0.8.8 11.00 52.00 63.00 OK

Check Details

Version: 0.8.8
Check: installed package size
Result: NOTE
     installed size is 19.5Mb
     sub-directories of 1Mb or more:
     fonts 1.7Mb
     libs 17.6Mb
Flavors: r-release-macos-arm64, r-release-macos-x86_64, r-oldrel-macos-arm64, r-oldrel-macos-x86_64