CRAN Package Check Results for Package sysfonts

Last updated on 2022-10-03 01:54:09 CEST.

Flavor Version Tinstall Tcheck Ttotal Status Flags
r-devel-linux-x86_64-debian-clang 0.8.8 5.08 25.45 30.53 OK
r-devel-linux-x86_64-debian-gcc 0.8.8 2.91 19.57 22.48 OK
r-devel-linux-x86_64-fedora-clang 0.8.8 49.99 OK
r-devel-linux-x86_64-fedora-gcc 0.8.8 47.63 OK
r-devel-windows-x86_64 0.8.8 28.00 67.00 95.00 OK
r-patched-linux-x86_64 0.8.8 4.29 24.40 28.69 OK
r-release-linux-x86_64 0.8.8 4.02 24.74 28.76 OK
r-release-macos-arm64 0.8.8 20.00 NOTE
r-release-macos-x86_64 0.8.8 32.00 NOTE
r-release-windows-x86_64 0.8.8 27.00 60.00 87.00 OK
r-oldrel-macos-arm64 0.8.8 41.00 NOTE
r-oldrel-macos-x86_64 0.8.8 44.00 NOTE
r-oldrel-windows-ix86+x86_64 0.8.8 13.00 55.00 68.00 OK

Check Details

Version: 0.8.8
Check: installed package size
Result: NOTE
     installed size is 17.4Mb
     sub-directories of 1Mb or more:
     fonts 1.7Mb
     libs 15.5Mb
Flavors: r-release-macos-arm64, r-release-macos-x86_64, r-oldrel-macos-arm64, r-oldrel-macos-x86_64