CRAN Package Check Results for Package synoptReg

Last updated on 2020-11-01 01:47:35 CET.

Flavor Version Tinstall Tcheck Ttotal Status Flags
r-devel-linux-x86_64-debian-clang 1.0.2 13.17 103.94 117.11 OK
r-devel-linux-x86_64-debian-gcc 1.0.2 10.80 75.74 86.54 OK
r-devel-linux-x86_64-fedora-clang 1.0.2 158.36 NOTE
r-devel-linux-x86_64-fedora-gcc 1.0.2 140.04 NOTE
r-devel-windows-ix86+x86_64 1.0.2 28.00 117.00 145.00 OK
r-patched-linux-x86_64 1.0.2 13.68 94.68 108.36 OK
r-patched-solaris-x86 1.0.2 209.30 NOTE
r-release-linux-x86_64 1.0.2 13.24 92.73 105.97 OK
r-release-macos-x86_64 1.0.2 NOTE
r-release-windows-ix86+x86_64 1.0.2 19.00 86.00 105.00 OK
r-oldrel-macos-x86_64 1.0.2 WARN
r-oldrel-windows-ix86+x86_64 1.0.2 23.00 85.00 108.00 OK

Check Details

Version: 1.0.2
Check: installed package size
Result: NOTE
     installed size is 5.0Mb
     sub-directories of 1Mb or more:
     data 1.5Mb
     extdata 3.4Mb
Flavors: r-devel-linux-x86_64-fedora-clang, r-patched-solaris-x86

Version: 1.0.2
Check: dependencies in R code
Result: NOTE
    Namespace in Imports field not imported from: ‘metR’
     All declared Imports should be used.
Flavors: r-devel-linux-x86_64-fedora-clang, r-devel-linux-x86_64-fedora-gcc, r-patched-solaris-x86, r-release-macos-x86_64

Version: 1.0.2
Check: package dependencies
Result: NOTE
    Package suggested but not available for checking: ‘pkgdown’
Flavor: r-patched-solaris-x86

Version: 1.0.2
Check: dependencies in R code
Result: NOTE
    No protocol specified
    No protocol specified
    Namespace in Imports field not imported from: ‘metR’
     All declared Imports should be used.
Flavor: r-oldrel-macos-x86_64

Version: 1.0.2
Check: S3 generic/method consistency
Result: WARN
    No protocol specified
    No protocol specified
    See section ‘Generic functions and methods’ in the ‘Writing R
    Extensions’ manual.
Flavor: r-oldrel-macos-x86_64

Version: 1.0.2
Check: replacement functions
Result: WARN
    No protocol specified
    No protocol specified
    The argument of a replacement function which corresponds to the right
    hand side must be named ‘value’.
Flavor: r-oldrel-macos-x86_64

Version: 1.0.2
Check: foreign function calls
Result: NOTE
    No protocol specified
    No protocol specified
    See chapter ‘System and foreign language interfaces’ in the ‘Writing R
    Extensions’ manual.
Flavor: r-oldrel-macos-x86_64

Version: 1.0.2
Check: R code for possible problems
Result: NOTE
    No protocol specified
    No protocol specified
Flavor: r-oldrel-macos-x86_64

Version: 1.0.2
Check: for missing documentation entries
Result: WARN
    No protocol specified
    No protocol specified
    All user-level objects in a package should have documentation entries.
    See chapter ‘Writing R documentation files’ in the ‘Writing R
    Extensions’ manual.
Flavor: r-oldrel-macos-x86_64

Version: 1.0.2
Check: for code/documentation mismatches
Result: WARN
    No protocol specified
    No protocol specified
    No protocol specified
    No protocol specified
    No protocol specified
    No protocol specified
Flavor: r-oldrel-macos-x86_64

Version: 1.0.2
Check: Rd \usage sections
Result: NOTE
    No protocol specified
    No protocol specified
    The \usage entries for S3 methods should use the \method markup and not
    their full name.
    See chapter ‘Writing R documentation files’ in the ‘Writing R
    Extensions’ manual.
Flavor: r-oldrel-macos-x86_64