CRAN Package Check Results for Package synfd

Last updated on 2020-10-29 13:48:58 CET.

Flavor Version Tinstall Tcheck Ttotal Status Flags
r-devel-linux-x86_64-debian-clang 0.1.3 2.73 22.29 25.02 OK
r-devel-linux-x86_64-debian-gcc 0.1.3 1.85 17.36 19.21 OK
r-devel-linux-x86_64-fedora-clang 0.1.3 39.52 NOTE
r-devel-linux-x86_64-fedora-gcc 0.1.3 29.38 NOTE
r-devel-windows-ix86+x86_64 0.1.3 9.00 32.00 41.00 OK
r-patched-linux-x86_64 0.1.3 2.67 21.59 24.26 OK
r-patched-solaris-x86 0.1.3 44.00 NOTE
r-release-linux-x86_64 0.1.3 2.63 21.43 24.06 OK
r-release-macos-x86_64 0.1.3 NOTE
r-release-windows-ix86+x86_64 0.1.3 4.00 40.00 44.00 OK
r-oldrel-macos-x86_64 0.1.3 NOTE
r-oldrel-windows-ix86+x86_64 0.1.3 4.00 40.00 44.00 OK

Check Details

Version: 0.1.3
Check: dependencies in R code
Result: NOTE
    Namespace in Imports field not imported from: ‘Rdpack’
     All declared Imports should be used.
Flavors: r-devel-linux-x86_64-fedora-clang, r-devel-linux-x86_64-fedora-gcc, r-patched-solaris-x86, r-release-macos-x86_64, r-oldrel-macos-x86_64