CRAN Package Check Results for Package syn

Last updated on 2022-10-03 21:53:51 CEST.

Flavor Version Tinstall Tcheck Ttotal Status Flags
r-devel-linux-x86_64-debian-clang 0.1.0 12.08 28.66 40.74 NOTE
r-devel-linux-x86_64-debian-gcc 0.1.0 10.64 22.59 33.23 NOTE
r-devel-linux-x86_64-fedora-clang 0.1.0 64.39 NOTE
r-devel-linux-x86_64-fedora-gcc 0.1.0 63.16 NOTE
r-devel-windows-x86_64 0.1.0 18.00 57.00 75.00 NOTE
r-patched-linux-x86_64 0.1.0 12.58 27.91 40.49 NOTE
r-release-linux-x86_64 0.1.0 11.32 27.51 38.83 NOTE
r-release-macos-arm64 0.1.0 24.00 NOTE
r-release-macos-x86_64 0.1.0 31.00 NOTE
r-release-windows-x86_64 0.1.0 19.00 52.00 71.00 NOTE
r-oldrel-macos-arm64 0.1.0 29.00 NOTE
r-oldrel-macos-x86_64 0.1.0 35.00 NOTE
r-oldrel-windows-ix86+x86_64 0.1.0 19.00 49.00 68.00 NOTE

Check Details

Version: 0.1.0
Check: LazyData
Result: NOTE
     'LazyData' is specified without a 'data' directory
Flavors: r-devel-linux-x86_64-debian-clang, r-devel-linux-x86_64-debian-gcc, r-devel-linux-x86_64-fedora-clang, r-devel-linux-x86_64-fedora-gcc, r-devel-windows-x86_64, r-patched-linux-x86_64, r-release-linux-x86_64, r-release-macos-arm64, r-release-macos-x86_64, r-release-windows-x86_64, r-oldrel-macos-arm64, r-oldrel-macos-x86_64, r-oldrel-windows-ix86+x86_64