CRAN Package Check Results for Package sybilcycleFreeFlux

Last updated on 2020-05-29 07:54:10 CEST.

Flavor Version Tinstall Tcheck Ttotal Status Flags
r-devel-linux-x86_64-debian-clang 2.0.1 10.22 81.57 91.79 OK
r-devel-linux-x86_64-debian-gcc 2.0.1 7.33 63.47 70.80 OK
r-devel-linux-x86_64-fedora-clang 2.0.1 110.52 NOTE
r-devel-linux-x86_64-fedora-gcc 2.0.1 111.05 NOTE
r-devel-windows-ix86+x86_64 2.0.1 23.00 100.00 123.00 NOTE
r-patched-linux-x86_64 2.0.1 10.69 81.31 92.00 OK
r-patched-solaris-x86 2.0.1 162.00 NOTE
r-release-linux-x86_64 2.0.1 9.57 80.65 90.22 OK
r-release-osx-x86_64 2.0.1 NOTE
r-release-windows-ix86+x86_64 2.0.1 17.00 114.00 131.00 NOTE
r-oldrel-osx-x86_64 2.0.1 NOTE
r-oldrel-windows-ix86+x86_64 2.0.1 21.00 84.00 105.00 NOTE

Check Details

Version: 2.0.1
Check: package dependencies
Result: NOTE
    Package suggested but not available for checking: ‘cplexAPI’
Flavors: r-devel-linux-x86_64-fedora-clang, r-devel-linux-x86_64-fedora-gcc, r-devel-windows-ix86+x86_64, r-patched-solaris-x86, r-release-osx-x86_64, r-release-windows-ix86+x86_64, r-oldrel-osx-x86_64, r-oldrel-windows-ix86+x86_64