CRAN Package Check Results for Package sybil

Last updated on 2020-07-08 07:52:45 CEST.

Flavor Version Tinstall Tcheck Ttotal Status Flags
r-devel-linux-x86_64-debian-clang 2.1.5 26.96 172.66 199.62 OK
r-devel-linux-x86_64-debian-gcc 2.1.5 25.03 131.82 156.85 OK
r-devel-linux-x86_64-fedora-clang 2.1.5 250.67 NOTE
r-devel-linux-x86_64-fedora-gcc 2.1.5 312.18 NOTE
r-devel-windows-ix86+x86_64 2.1.5 35.00 217.00 252.00 NOTE
r-patched-linux-x86_64 2.1.5 26.93 170.33 197.26 OK
r-patched-solaris-x86 2.1.5 299.30 NOTE
r-release-linux-x86_64 2.1.5 25.77 170.04 195.81 OK
r-release-osx-x86_64 2.1.5 NOTE
r-release-windows-ix86+x86_64 2.1.5 34.00 189.00 223.00 NOTE
r-oldrel-osx-x86_64 2.1.5 NOTE
r-oldrel-windows-ix86+x86_64 2.1.5 41.00 233.00 274.00 NOTE

Check Details

Version: 2.1.5
Check: package dependencies
Result: NOTE
    Package suggested but not available for checking: ‘cplexAPI’
Flavors: r-devel-linux-x86_64-fedora-clang, r-devel-linux-x86_64-fedora-gcc, r-devel-windows-ix86+x86_64, r-patched-solaris-x86, r-release-windows-ix86+x86_64, r-oldrel-windows-ix86+x86_64

Version: 2.1.5
Check: package dependencies
Result: NOTE
    Packages suggested but not available for checking: 'cplexAPI', 'clpAPI'
Flavors: r-release-osx-x86_64, r-oldrel-osx-x86_64