CRAN Package Check Results for Package sweep

Last updated on 2020-05-30 19:47:24 CEST.

Flavor Version Tinstall Tcheck Ttotal Status Flags
r-devel-linux-x86_64-debian-clang 0.2.2 14.99 213.75 228.74 OK
r-devel-linux-x86_64-debian-gcc 0.2.2 11.10 160.09 171.19 OK
r-devel-linux-x86_64-fedora-clang 0.2.2 276.75 NOTE
r-devel-linux-x86_64-fedora-gcc 0.2.2 272.67 NOTE
r-devel-windows-ix86+x86_64 0.2.2 41.00 228.00 269.00 OK
r-patched-linux-x86_64 0.2.2 10.40 206.44 216.84 OK
r-patched-solaris-x86 0.2.2 383.10 NOTE
r-release-linux-x86_64 0.2.2 9.42 210.34 219.76 OK
r-release-osx-x86_64 0.2.2 NOTE
r-release-windows-ix86+x86_64 0.2.2 31.00 331.00 362.00 OK
r-oldrel-osx-x86_64 0.2.2 NOTE
r-oldrel-windows-ix86+x86_64 0.2.2 26.00 225.00 251.00 OK

Check Details

Version: 0.2.2
Check: dependencies in R code
Result: NOTE
    Namespaces in Imports field not imported from:
     ‘lazyeval’ ‘lubridate’ ‘tidyr’
     All declared Imports should be used.
Flavors: r-devel-linux-x86_64-fedora-clang, r-devel-linux-x86_64-fedora-gcc, r-patched-solaris-x86, r-release-osx-x86_64, r-oldrel-osx-x86_64