CRAN Package Check Results for Package svSocket

Last updated on 2020-10-25 22:48:28 CET.

Flavor Version Tinstall Tcheck Ttotal Status Flags
r-devel-linux-x86_64-debian-clang 1.0.0 3.04 32.37 35.41 OK
r-devel-linux-x86_64-debian-gcc 1.0.0 2.62 25.95 28.57 OK
r-devel-linux-x86_64-fedora-clang 1.0.0 53.22 NOTE
r-devel-linux-x86_64-fedora-gcc 1.0.0 44.82 OK
r-devel-windows-ix86+x86_64 1.0.0 7.00 50.00 57.00 OK
r-patched-linux-x86_64 1.0.0 3.11 31.51 34.62 OK
r-patched-solaris-x86 1.0.0 67.20 OK
r-release-linux-x86_64 1.0.0 3.21 31.58 34.79 OK
r-release-macos-x86_64 1.0.0 OK
r-release-windows-ix86+x86_64 1.0.0 5.00 41.00 46.00 OK
r-oldrel-macos-x86_64 1.0.0 WARN
r-oldrel-windows-ix86+x86_64 1.0.0 5.00 116.00 121.00 OK

Check Details

Version: 1.0.0
Check: Rd cross-references
Result: NOTE
    Undeclared package ‘svHttp’ in Rd xrefs
Flavor: r-devel-linux-x86_64-fedora-clang

Version: 1.0.0
Check: dependencies in R code
Result: NOTE
    No protocol specified
    No protocol specified
Flavor: r-oldrel-macos-x86_64

Version: 1.0.0
Check: S3 generic/method consistency
Result: WARN
    No protocol specified
    No protocol specified
    See section ‘Generic functions and methods’ in the ‘Writing R
    Extensions’ manual.
Flavor: r-oldrel-macos-x86_64

Version: 1.0.0
Check: replacement functions
Result: WARN
    No protocol specified
    No protocol specified
    The argument of a replacement function which corresponds to the right
    hand side must be named ‘value’.
Flavor: r-oldrel-macos-x86_64

Version: 1.0.0
Check: foreign function calls
Result: NOTE
    No protocol specified
    No protocol specified
    See chapter ‘System and foreign language interfaces’ in the ‘Writing R
    Extensions’ manual.
Flavor: r-oldrel-macos-x86_64

Version: 1.0.0
Check: R code for possible problems
Result: NOTE
    No protocol specified
    No protocol specified
Flavor: r-oldrel-macos-x86_64

Version: 1.0.0
Check: for missing documentation entries
Result: WARN
    No protocol specified
    No protocol specified
    All user-level objects in a package should have documentation entries.
    See chapter ‘Writing R documentation files’ in the ‘Writing R
    Extensions’ manual.
Flavor: r-oldrel-macos-x86_64

Version: 1.0.0
Check: for code/documentation mismatches
Result: WARN
    No protocol specified
    No protocol specified
    No protocol specified
    No protocol specified
    No protocol specified
    No protocol specified
Flavor: r-oldrel-macos-x86_64

Version: 1.0.0
Check: Rd \usage sections
Result: NOTE
    No protocol specified
    No protocol specified
    The \usage entries for S3 methods should use the \method markup and not
    their full name.
    See chapter ‘Writing R documentation files’ in the ‘Writing R
    Extensions’ manual.
Flavor: r-oldrel-macos-x86_64