CRAN Package Check Results for Package svHttp

Last updated on 2022-10-07 00:49:36 CEST.

Flavor Version Tinstall Tcheck Ttotal Status Flags
r-devel-linux-x86_64-debian-clang 1.0.4 2.92 31.80 34.72 OK
r-devel-linux-x86_64-debian-gcc 1.0.4 1.92 24.91 26.83 OK
r-devel-linux-x86_64-fedora-clang 1.0.4 56.49 OK
r-devel-linux-x86_64-fedora-gcc 1.0.4 52.18 OK
r-devel-windows-x86_64 1.0.4 9.00 0.00 9.00 FAIL
r-patched-linux-x86_64 1.0.4 2.28 31.21 33.49 OK
r-release-linux-x86_64 1.0.4 2.36 30.67 33.03 OK
r-release-macos-arm64 1.0.4 19.00 OK
r-release-macos-x86_64 1.0.4 31.00 OK
r-release-windows-x86_64 1.0.4 12.00 59.00 71.00 OK
r-oldrel-macos-arm64 1.0.4 20.00 OK
r-oldrel-macos-x86_64 1.0.4 29.00 OK
r-oldrel-windows-ix86+x86_64 1.0.4 7.00 57.00 64.00 OK

Check Details

Version: 1.0.4
Check: re-building of vignette outputs
Result: FAIL
    Check process probably crashed or hung up for 20 minutes ... killed
    Most likely this happened in the example checks (?),
    if not, ignore the following last lines of example output:
    > ##D http_server_port()
    > ##D
    > ##D # Get the name
    > ##D http_server_name()
    > ##D
    > ##D # Get the list of clients... empty, unless you connect a client in between
    > ##D http_server_clients()
    > ##D
    > ##D }
    > ##D # Stop the server now
    > ##D stop_http_server()
    > ## End(Not run)
    >
    >
    >
    > ### * <FOOTER>
    > ###
    > cleanEx()
    > options(digits = 7L)
    > base::cat("Time elapsed: ", proc.time() - base::get("ptime", pos = 'CheckExEnv'),"\n")
    Time elapsed: 0.42 0.08 0.5 NA NA
    > grDevices::dev.off()
    null device
     1
    > ###
    > ### Local variables: ***
    > ### mode: outline-minor ***
    > ### outline-regexp: "\\(> \\)?### [*]+" ***
    > ### End: ***
    > quit('no')
    ======== End of example output (where/before crash/hang up occured ?) ========
Flavor: r-devel-windows-x86_64