Last updated on 2023-12-08 12:52:32 CET.
Flavor | Version | Tinstall | Tcheck | Ttotal | Status | Flags |
---|---|---|---|---|---|---|
r-devel-linux-x86_64-debian-clang | 0.0.4 | 206.75 | 242.08 | 448.83 | NOTE | |
r-devel-linux-x86_64-debian-gcc | 0.0.4 | 162.47 | 184.28 | 346.75 | NOTE | |
r-devel-linux-x86_64-fedora-clang | 0.0.4 | 568.52 | NOTE | |||
r-devel-linux-x86_64-fedora-gcc | 0.0.4 | 629.91 | NOTE | |||
r-devel-windows-x86_64 | 0.0.4 | 156.00 | 211.00 | 367.00 | NOTE | |
r-patched-linux-x86_64 | 0.0.4 | 138.42 | 246.06 | 384.48 | NOTE | |
r-release-linux-x86_64 | 0.0.4 | 137.71 | 242.20 | 379.91 | NOTE | |
r-release-macos-arm64 | 0.0.4 | 193.00 | NOTE | |||
r-release-macos-x86_64 | 0.0.4 | 479.00 | NOTE | |||
r-release-windows-x86_64 | 0.0.4 | 199.00 | 259.00 | 458.00 | NOTE | |
r-oldrel-macos-arm64 | 0.0.4 | 180.00 | NOTE | |||
r-oldrel-macos-x86_64 | 0.0.4 | 254.00 | NOTE | |||
r-oldrel-windows-x86_64 | 0.0.4 | 192.00 | 251.00 | 443.00 | NOTE |
Version: 0.0.4
Check: for GNU extensions in Makefiles
Result: NOTE
GNU make is a SystemRequirements.
Flavors: r-devel-linux-x86_64-debian-clang, r-devel-linux-x86_64-debian-gcc, r-devel-linux-x86_64-fedora-clang, r-devel-linux-x86_64-fedora-gcc, r-devel-windows-x86_64, r-patched-linux-x86_64, r-release-linux-x86_64, r-release-macos-arm64, r-release-macos-x86_64, r-release-windows-x86_64, r-oldrel-macos-arm64, r-oldrel-macos-x86_64, r-oldrel-windows-x86_64
Version: 0.0.4
Check: dependencies in R code
Result: NOTE
Namespaces in Imports field not imported from:
‘RcppParallel’ ‘rstantools’
All declared Imports should be used.
Flavors: r-devel-linux-x86_64-fedora-clang, r-devel-linux-x86_64-fedora-gcc
Version: 0.0.4
Check: installed package size
Result: NOTE
installed size is 49.9Mb
sub-directories of 1Mb or more:
libs 49.4Mb
Flavors: r-release-macos-arm64, r-release-macos-x86_64, r-oldrel-macos-arm64, r-oldrel-macos-x86_64