CRAN Package Check Results for Package survivoR

Last updated on 2022-08-19 06:52:37 CEST.

Flavor Version Tinstall Tcheck Ttotal Status Flags
r-devel-linux-x86_64-debian-clang 1.0.1 6.50 66.83 73.33 OK
r-devel-linux-x86_64-debian-gcc 1.0.1 4.99 49.20 54.19 OK
r-devel-linux-x86_64-fedora-clang 1.0.1 98.53 NOTE
r-devel-linux-x86_64-fedora-gcc 1.0.1 96.04 NOTE
r-devel-windows-x86_64 1.0.1 22.00 93.00 115.00 OK
r-patched-linux-x86_64 1.0.1 6.26 61.91 68.17 OK
r-release-linux-x86_64 1.0.1 OK
r-release-macos-arm64 1.0.1 38.00 NOTE
r-release-macos-x86_64 1.0.1 41.00 NOTE
r-release-windows-x86_64 1.0.1 20.00 94.00 114.00 OK
r-oldrel-macos-arm64 1.0.1 27.00 NOTE
r-oldrel-macos-x86_64 1.0.1 39.00 NOTE
r-oldrel-windows-ix86+x86_64 1.0.1 16.00 91.00 107.00 OK

Check Details

Version: 1.0.1
Check: data for non-ASCII characters
Result: NOTE
     Note: found 21 marked UTF-8 strings
Flavors: r-devel-linux-x86_64-fedora-clang, r-devel-linux-x86_64-fedora-gcc, r-release-macos-arm64, r-release-macos-x86_64, r-oldrel-macos-arm64, r-oldrel-macos-x86_64