CRAN Package Check Results for Package survivalmodels

Last updated on 2022-09-27 12:53:06 CEST.

Flavor Version Tinstall Tcheck Ttotal Status Flags
r-devel-linux-x86_64-debian-clang 0.1.13 18.13 54.52 72.65 NOTE
r-devel-linux-x86_64-debian-gcc 0.1.13 14.00 41.39 55.39 NOTE
r-devel-linux-x86_64-fedora-clang 0.1.13 116.46 NOTE
r-devel-linux-x86_64-fedora-gcc 0.1.13 104.50 NOTE
r-devel-windows-x86_64 0.1.13 62.00 132.00 194.00 OK
r-patched-linux-x86_64 0.1.13 17.47 50.82 68.29 NOTE
r-release-linux-x86_64 0.1.13 15.62 51.24 66.86 NOTE
r-release-macos-arm64 0.1.13 41.00 OK
r-release-macos-x86_64 0.1.13 50.00 OK
r-release-windows-x86_64 0.1.13 78.00 130.00 208.00 OK
r-oldrel-macos-arm64 0.1.13 46.00 OK
r-oldrel-macos-x86_64 0.1.13 50.00 OK
r-oldrel-windows-ix86+x86_64 0.1.13 47.00 191.00 238.00 OK

Check Details

Version: 0.1.13
Check: package dependencies
Result: NOTE
    Package suggested but not available for checking: 'distr6'
Flavors: r-devel-linux-x86_64-debian-clang, r-devel-linux-x86_64-debian-gcc, r-devel-linux-x86_64-fedora-clang, r-devel-linux-x86_64-fedora-gcc, r-patched-linux-x86_64, r-release-linux-x86_64

Version: 0.1.13
Check: Rd cross-references
Result: NOTE
    Unknown package 'distr6' in Rd xrefs
Flavors: r-devel-linux-x86_64-debian-clang, r-devel-linux-x86_64-debian-gcc, r-devel-linux-x86_64-fedora-clang, r-devel-linux-x86_64-fedora-gcc, r-patched-linux-x86_64, r-release-linux-x86_64