Last updated on 2023-09-30 00:56:20 CEST.
Flavor | Version | Tinstall | Tcheck | Ttotal | Status | Flags |
---|---|---|---|---|---|---|
r-devel-linux-x86_64-debian-clang | 0.1.13 | 21.52 | 54.71 | 76.23 | NOTE | |
r-devel-linux-x86_64-debian-gcc | 0.1.13 | 14.06 | 41.99 | 56.05 | NOTE | |
r-devel-linux-x86_64-fedora-clang | 0.1.13 | 108.23 | NOTE | |||
r-devel-linux-x86_64-fedora-gcc | 0.1.13 | 103.69 | NOTE | |||
r-devel-windows-x86_64 | 0.1.13 | 18.00 | 100.00 | 118.00 | NOTE | |
r-patched-linux-x86_64 | 0.1.13 | 21.76 | 52.17 | 73.93 | NOTE | |
r-release-linux-x86_64 | 0.1.13 | 21.12 | 51.76 | 72.88 | NOTE | |
r-release-macos-arm64 | 0.1.13 | 32.00 | NOTE | |||
r-release-macos-x86_64 | 0.1.13 | 45.00 | NOTE | |||
r-release-windows-x86_64 | 0.1.13 | 20.00 | 104.00 | 124.00 | NOTE | |
r-oldrel-macos-arm64 | 0.1.13 | 37.00 | OK | |||
r-oldrel-macos-x86_64 | 0.1.13 | 50.00 | OK | |||
r-oldrel-windows-x86_64 | 0.1.13 | 25.00 | 103.00 | 128.00 | NOTE |
Version: 0.1.13
Check: package dependencies
Result: NOTE
Package suggested but not available for checking: ‘distr6’
Flavors: r-devel-linux-x86_64-debian-clang, r-devel-linux-x86_64-debian-gcc, r-devel-linux-x86_64-fedora-clang, r-devel-linux-x86_64-fedora-gcc, r-devel-windows-x86_64, r-patched-linux-x86_64, r-release-linux-x86_64, r-release-macos-arm64, r-release-macos-x86_64, r-release-windows-x86_64, r-oldrel-windows-x86_64
Version: 0.1.13
Check: Rd cross-references
Result: NOTE
Unknown package ‘distr6’ in Rd xrefs
Flavors: r-devel-linux-x86_64-debian-clang, r-devel-linux-x86_64-debian-gcc, r-devel-linux-x86_64-fedora-clang, r-devel-linux-x86_64-fedora-gcc, r-devel-windows-x86_64, r-patched-linux-x86_64, r-release-linux-x86_64, r-release-macos-arm64, r-release-macos-x86_64, r-release-windows-x86_64, r-oldrel-windows-x86_64